{"id":2657,"date":"2019-10-03T17:06:10","date_gmt":"2019-10-03T20:06:10","guid":{"rendered":"http:\/\/170.210.104.16\/?page_id=2657"},"modified":"2024-07-10T12:18:04","modified_gmt":"2024-07-10T15:18:04","slug":"vinculacion-tecnologica","status":"publish","type":"page","link":"https:\/\/www.unlz.edu.ar\/?page_id=2657","title":{"rendered":"Vinculaci\u00f3n Tecnol\u00f3gica"},"content":{"rendered":"<p>[vc_row full_width=\u00bbstretch_row\u00bb css=\u00bb.vc_custom_1572376045931{background: #ffffff url(https:\/\/www.unlz.edu.ar\/wp-content\/uploads\/2019\/10\/vinculacion-tecnologica-negro.jpg?id=2658) !important;background-position: center !important;background-repeat: no-repeat !important;background-size: cover !important;}\u00bb][vc_column][la_divider height=\u00bbxlg:350px;lg:250px;md:200px;sm:160px;mb:30px;\u00bb][la_heading spacer=\u00bbline\u00bb spacer_position=\u00bbmiddle\u00bb line_height=\u00bb3&#8243; title=\u00bbVinculaci\u00f3n tecnol\u00f3gica\u00bb line_width=\u00bblg:60px;\u00bb line_color=\u00bb#ffffff\u00bb title_fz=\u00bblg:90px;md:60px;sm:40px;xs:36px;\u00bb title_color=\u00bb#ffffff\u00bb subtitle_fz=\u00bblg:15px;md:14px;\u00bb subtitle_color=\u00bb#ffffff\u00bb line_class=\u00bbmargin-top-30 margin-bottom-30&#8243;][\/la_heading][la_divider height=\u00bbxlg:300px;lg:200px;xs:100px;mb:90px;\u00bb][\/vc_column][\/vc_row][vc_row full_width=\u00bbstretch_row_content_no_spaces\u00bb css=\u00bb.vc_custom_1570133453667{background-color: #ffffff !important;}\u00bb][vc_column css=\u00bb.vc_custom_1570133482553{background-color: #ffffff !important;}\u00bb][la_divider height=\u00bblg:40px;mb:10px;\u00bb][\/vc_column][\/vc_row][vc_row full_width=\u00bbstretch_row\u00bb css=\u00bb.vc_custom_1586784172998{background-color: #0004f6 !important;}\u00bb el_class=\u00bbbloque-texto\u00bb][vc_column width=\u00bb1\/6&#8243;][\/vc_column][vc_column width=\u00bb2\/3&#8243;][la_divider height=\u00bblg:35px;\u00bb][la_heading use_gfont_subtitle=\u00bbyes\u00bb title=\u00bbRepositorio Institucional Digital\u00bb title_fz=\u00bblg:40px;mb:30px;\u00bb subtitle_font=\u00bbfont_family:Abril%20Fatface%3Aregular\u00bb subtitle_fz=\u00bblg:14px;\u00bb subtitle_color=\u00bb#232324&#8243; title_color=\u00bb#ffffff\u00bb][\/la_heading][la_btn title=\u00bbIngres\u00e1\u00bb shape=\u00bbrounded\u00bb color=\u00bbwhite\u00bb align=\u00bbcenter\u00bb link=\u00bburl:http%3A%2F%2Frepositorio.unlz.edu.ar||target:%20_blank|\u00bb][la_divider height=\u00bblg:35px;\u00bb][\/vc_column][vc_column width=\u00bb1\/6&#8243;][\/vc_column][\/vc_row][vc_row full_width=\u00bbstretch_row_content_no_spaces\u00bb css=\u00bb.vc_custom_1589556525964{background-color: #ffffff !important;}\u00bb][vc_column css=\u00bb.vc_custom_1570133482553{background-color: #ffffff !important;}\u00bb][la_divider height=\u00bblg:40px;mb:10px;\u00bb][\/vc_column][\/vc_row][vc_row el_class=\u00bbbloque-texto\u00bb][vc_column width=\u00bb1\/2&#8243;][vc_single_image image=\u00bb2606&#8243; img_size=\u00bbfull\u00bb alignment=\u00bbcenter\u00bb][\/vc_column][vc_column width=\u00bb1\/2&#8243;][la_heading alignment=\u00bbleft\u00bb title=\u00bbConvocatoria: Universidades Emprendedoras &#8211; Etapa II\u00bb title_fz=\u00bblg:35px;\u00bb][\/la_heading][la_divider height=\u00bblg:20px;\u00bb][vc_column_text]<\/p>\n<p style=\"text-align: justify;\">La Secretar\u00eda de Pol\u00edticas Universitarias del Ministerio de Educaci\u00f3n, Cultura, Ciencia y Tecnolog\u00eda y la Secretar\u00eda de Emprendedores y Pymes del Ministerio de Producci\u00f3n y Trabajo lanzan la convocatoria \u201cUniversidades Emprendedoras\u201d \u2013 Planes Estrat\u00e9gicos de Desarrollo Emprendedor \u2013 Etapa II, con el objetivo de desarrollar y fortalecer las capacidades emprendedoras de las universidades, promoviendo que cada una de ellas dise\u00f1e un Plan Estrat\u00e9gico de Emprendedorismo (PEE).<\/p>\n<p>[\/vc_column_text][vc_tta_accordion c_icon=\u00bb\u00bb active_section=\u00bb0&#8243; collapsible_all=\u00bbtrue\u00bb][vc_tta_section i_position=\u00bbright\u00bb i_icon_fontawesome=\u00bbfa fa-angle-down\u00bb add_icon=\u00bbtrue\u00bb title=\u00bbVer m\u00e1s\u00bb tab_id=\u00bb1570138313982-559fcf09-980c\u00bb][vc_column_text]<\/p>\n<ul>\n<li><strong>Destinatarios:<\/strong>\u00a0Universidades p\u00fablicas nacionales y provinciales.<\/li>\n<li><strong>Financiamiento de la convocatoria:<\/strong>\u00a0Etapa II (o Etapa I en las universidades que no la hayan realizado) por un monto de hasta $300.000.-<\/li>\n<li><strong>Cierre de la convocatoria:<\/strong>\u00a028 de Agosto de 2019<\/li>\n<li><strong>Link para la presentaci\u00f3n de proyectos:<\/strong> <a href=\"http:\/\/emprendedorismo.siu.edu.ar\/2019\">http:\/\/emprendedorismo.siu.edu.ar\/2019<\/a><\/li>\n<li><strong>Contacto:<\/strong>\u00a0<a href=\"mailto:emprendedorismo@educacion.gob.ar\">emprendedorismo@educacion.gob.ar<\/a><\/li>\n<\/ul>\n<p>[\/vc_column_text][\/vc_tta_section][\/vc_tta_accordion][\/vc_column][\/vc_row][vc_row full_width=\u00bbstretch_row_content_no_spaces\u00bb css=\u00bb.vc_custom_1570133453667{background-color: #ffffff !important;}\u00bb][vc_column css=\u00bb.vc_custom_1570133482553{background-color: #ffffff !important;}\u00bb][la_divider height=\u00bblg:40px;\u00bb][\/vc_column][\/vc_row][vc_row full_width=\u00bbstretch_row\u00bb css=\u00bb.vc_custom_1570747825933{background-color: #f7f7f7 !important;}\u00bb el_class=\u00bbbloque-texto\u00bb][vc_column width=\u00bb1\/6&#8243;][\/vc_column][vc_column width=\u00bb2\/3&#8243;][la_divider height=\u00bblg:50px;\u00bb][la_heading use_gfont_subtitle=\u00bbyes\u00bb title=\u00bbProyectos y Convocatorias\u00bb title_fz=\u00bblg:40px;mb:30px;\u00bb subtitle_font=\u00bbfont_family:Abril%20Fatface%3Aregular|font_style:400%20regular%3A400%3Anormal\u00bb subtitle_fz=\u00bblg:14px;\u00bb subtitle_color=\u00bb#232324&#8243;][\/la_heading][la_divider height=\u00bblg:35px;\u00bb][vc_tta_accordion c_icon=\u00bb\u00bb active_section=\u00bb0&#8243; collapsible_all=\u00bbtrue\u00bb][vc_tta_section i_position=\u00bbright\u00bb i_icon_fontawesome=\u00bbfa fa-angle-down\u00bb add_icon=\u00bbtrue\u00bb title=\u00bb1\u00aa. Convocatoria de Proyectos de Investigaci\u00f3n B\u00e1sica y Aplicada del Programa \u201cUniversidad y Transporte Argentino\u201d\u00bb tab_id=\u00bb1586783108214-4ce6089f-bdd2&#8243;][la_btn title=\u00bbDescargar el texto de la Convocatoria\u00bb shape=\u00bbround\u00bb align=\u00bbcenter\u00bb link=\u00bburl:http%3A%2F%2F170.210.104.16%2Fwp-content%2Fuploads%2F2019%2F10%2FUniversidad-y-Transporte-Resumenes-1.docx||target:%20_blank|\u00bb][\/vc_tta_section][vc_tta_section i_position=\u00bbright\u00bb i_icon_fontawesome=\u00bbfa fa-angle-down\u00bb add_icon=\u00bbtrue\u00bb title=\u00bb\u201cCapacidades Universitarias para el Desarrollo Productivo\u201d Am\u00edlcar Oscar Herrera\u00bb tab_id=\u00bb1586783108280-f942f384-6f1b\u00bb][vc_column_text css=\u00bb.vc_custom_1570137298819{padding-left: 0px !important;}\u00bb]<\/p>\n<p class=\"texto2\" style=\"text-align: justify;\"><strong><em>\u201cPrograma INCUBAT Fi-UNLZ: apoyo a emprendedores del cluster de tecnolog\u00edas para medicina y salud de la regi\u00f3n de Lomas de Zamora y en la incubadora de empresas en formaci\u00f3n en la UNCAUS(Chaco), integraci\u00f3n institucional en redes y transferencias de buenas pr\u00e1cticas\u201d.<\/em><\/strong><\/p>\n<p class=\"texto2\" style=\"text-align: justify;\">El proyecto tiene como objetivo central la transferencia de buenas pr\u00e1cticas desde el programa Incubat de la Fi-UNLZ y el apoyo a emprendedores en la incubadora de empresas tecnol\u00f3gicas en formaci\u00f3n en la Universidad Nacional del Chaco Austral (UNCAUS) , especialmente en el \u00e1reas de tecnolog\u00eda m\u00e9dicas y de la salud.<\/p>\n<p style=\"text-align: justify;\"><a href=\"http:\/\/www.unlz.edu.ar\/vinculacion\/Amilcar%20Herrera%201.docx\" target=\"_blank\" rel=\"noopener noreferrer\">1: Programa INCUBAT Fi-UNLZ: Apoyo a emprendedores del cluster de tecnolog\u00edas para medicina y salud de la regi\u00f3n de Lomas de Zamora y en la incubadora de empresas en formaci\u00f3n en la UNCAUS (Chaco), integraci\u00f3n institucional en redes y transferencias de buenas pr\u00e1cticas.<\/a><\/p>\n<p style=\"text-align: justify;\"><a href=\"http:\/\/www.unlz.edu.ar\/vinculacion\/Amilcar%20Herrera%202.docx\" target=\"_blank\" rel=\"noopener noreferrer\">2: Evaluaci\u00f3n de genotipos de Po\u00e1ceas megat\u00e9rmicas y de pr\u00e1cticas de manejo adecuadas para mejorar la oferta forrajera en \u00e1reas marginales de la Cuenca del Salado.<\/a><\/p>\n<p style=\"text-align: justify;\">Manuel Belgrano<\/p>\n<p style=\"text-align: justify;\"><a href=\"http:\/\/www.unlz.edu.ar\/vinculacion\/Manuel%20Belgrano%201.docx\" target=\"_blank\" rel=\"noopener noreferrer\">1: Instrumentos de promoci\u00f3n de las exportaciones para Pymes y su utilizaci\u00f3n para el aumento y diversificaciones de las exportaciones en el partido de La Matanza.<\/a><\/p>\n<p style=\"text-align: justify;\"><a href=\"http:\/\/www.unlz.edu.ar\/vinculacion\/Manuel%20Belgrano%202.docx\" target=\"_blank\" rel=\"noopener noreferrer\">2: Promoci\u00f3n de un consorcio de exportaciones de tecnolog\u00edas m\u00e9dicas de avanzada en Polo Mecatr\u00f3nico Lomas.<\/a><\/p>\n<p style=\"text-align: justify;\"><a href=\"http:\/\/www.unlz.edu.ar\/vinculacion\/Manuel%20Belgrano%203.docx\" target=\"_blank\" rel=\"noopener noreferrer\">3: Plan estrat\u00e9gico regional para la producci\u00f3n y el comercio internacional de la miel de meliponas para usos medicinales de alto valor agregado.<\/a><\/p>\n<p>[\/vc_column_text][\/vc_tta_section][\/vc_tta_accordion][\/vc_column][vc_column width=\u00bb1\/6&#8243;][\/vc_column][\/vc_row][vc_row full_width=\u00bbstretch_row_content_no_spaces\u00bb css=\u00bb.vc_custom_1570137426720{background-color: #f7f7f7 !important;}\u00bb][vc_column css=\u00bb.vc_custom_1570137442723{background-color: #f7f7f7 !important;}\u00bb][la_divider height=\u00bblg:90px;\u00bb][\/vc_column][\/vc_row]<\/p>\n","protected":false},"excerpt":{"rendered":"<p>[vc_row full_width=\u00bbstretch_row\u00bb css=\u00bb.vc_custom_1572376045931{background: #ffffff url(https:\/\/www.unlz.edu.ar\/wp-content\/uploads\/2019\/10\/vinculacion-tecnologica-negro.jpg?id=2658) !important;background-position: center !important;background-repeat: no-repeat !important;background-size: cover !important;}\u00bb][vc_column][la_divider height=\u00bbxlg:350px;lg:250px;md:200px;sm:160px;mb:30px;\u00bb][la_heading spacer=\u00bbline\u00bb spacer_position=\u00bbmiddle\u00bb line_height=\u00bb3&#8243; title=\u00bbVinculaci\u00f3n tecnol\u00f3gica\u00bb line_width=\u00bblg:60px;\u00bb line_color=\u00bb#ffffff\u00bb title_fz=\u00bblg:90px;md:60px;sm:40px;xs:36px;\u00bb title_color=\u00bb#ffffff\u00bb subtitle_fz=\u00bblg:15px;md:14px;\u00bb subtitle_color=\u00bb#ffffff\u00bb line_class=\u00bbmargin-top-30 margin-bottom-30&#8243;][\/la_heading][la_divider height=\u00bbxlg:300px;lg:200px;xs:100px;mb:90px;\u00bb][\/vc_column][\/vc_row][vc_row full_width=\u00bbstretch_row_content_no_spaces\u00bb css=\u00bb.vc_custom_1570133453667{background-color: #ffffff !important;}\u00bb][vc_column css=\u00bb.vc_custom_1570133482553{background-color: #ffffff !important;}\u00bb][la_divider height=\u00bblg:40px;mb:10px;\u00bb][\/vc_column][\/vc_row][vc_row full_width=\u00bbstretch_row\u00bb css=\u00bb.vc_custom_1586784172998{background-color: #0004f6 !important;}\u00bb el_class=\u00bbbloque-texto\u00bb][vc_column width=\u00bb1\/6&#8243;][\/vc_column][vc_column width=\u00bb2\/3&#8243;][la_divider height=\u00bblg:35px;\u00bb][la_heading use_gfont_subtitle=\u00bbyes\u00bb title=\u00bbRepositorio Institucional Digital\u00bb title_fz=\u00bblg:40px;mb:30px;\u00bb subtitle_font=\u00bbfont_family:Abril%20Fatface%3Aregular\u00bb subtitle_fz=\u00bblg:14px;\u00bb subtitle_color=\u00bb#232324&#8243; title_color=\u00bb#ffffff\u00bb][\/la_heading][la_btn title=\u00bbIngres\u00e1\u00bb shape=\u00bbrounded\u00bb color=\u00bbwhite\u00bb align=\u00bbcenter\u00bb link=\u00bburl:http%3A%2F%2Frepositorio.unlz.edu.ar||target:%20_blank|\u00bb][la_divider height=\u00bblg:35px;\u00bb][\/vc_column][vc_column width=\u00bb1\/6&#8243;][\/vc_column][\/vc_row][vc_row full_width=\u00bbstretch_row_content_no_spaces\u00bb&hellip;<\/p>\n","protected":false},"author":1,"featured_media":0,"parent":0,"menu_order":0,"comment_status":"closed","ping_status":"closed","template":"","meta":{"footnotes":""},"class_list":["post-2657","page","type-page","status-publish","hentry"],"yoast_head":"<!-- This site is optimized with the Yoast SEO plugin v26.0 - https:\/\/yoast.com\/wordpress\/plugins\/seo\/ -->\n<title>Vinculaci\u00f3n Tecnol\u00f3gica | UNLZ<\/title>\n<meta name=\"robots\" content=\"index, follow, max-snippet:-1, max-image-preview:large, max-video-preview:-1\" \/>\n<link rel=\"canonical\" href=\"https:\/\/www.unlz.edu.ar\/?page_id=2657\" \/>\n<meta property=\"og:locale\" content=\"es_ES\" \/>\n<meta property=\"og:type\" content=\"article\" \/>\n<meta property=\"og:title\" content=\"Vinculaci\u00f3n Tecnol\u00f3gica | UNLZ\" \/>\n<meta property=\"og:description\" content=\"[vc_row full_width=\u00bbstretch_row\u00bb css=\u00bb.vc_custom_1572376045931{background: #ffffff url(https:\/\/www.unlz.edu.ar\/wp-content\/uploads\/2019\/10\/vinculacion-tecnologica-negro.jpg?id=2658) !important;background-position: center !important;background-repeat: no-repeat !important;background-size: cover !important;}\u00bb][vc_column][la_divider height=\u00bbxlg:350px;lg:250px;md:200px;sm:160px;mb:30px;\u00bb][la_heading spacer=\u00bbline\u00bb spacer_position=\u00bbmiddle\u00bb line_height=\u00bb3&#8243; title=\u00bbVinculaci\u00f3n tecnol\u00f3gica\u00bb line_width=\u00bblg:60px;\u00bb line_color=\u00bb#ffffff\u00bb title_fz=\u00bblg:90px;md:60px;sm:40px;xs:36px;\u00bb title_color=\u00bb#ffffff\u00bb subtitle_fz=\u00bblg:15px;md:14px;\u00bb subtitle_color=\u00bb#ffffff\u00bb line_class=\u00bbmargin-top-30 margin-bottom-30&#8243;][\/la_heading][la_divider height=\u00bbxlg:300px;lg:200px;xs:100px;mb:90px;\u00bb][\/vc_column][\/vc_row][vc_row full_width=\u00bbstretch_row_content_no_spaces\u00bb css=\u00bb.vc_custom_1570133453667{background-color: #ffffff !important;}\u00bb][vc_column css=\u00bb.vc_custom_1570133482553{background-color: #ffffff !important;}\u00bb][la_divider height=\u00bblg:40px;mb:10px;\u00bb][\/vc_column][\/vc_row][vc_row full_width=\u00bbstretch_row\u00bb css=\u00bb.vc_custom_1586784172998{background-color: #0004f6 !important;}\u00bb el_class=\u00bbbloque-texto\u00bb][vc_column width=\u00bb1\/6&#8243;][\/vc_column][vc_column width=\u00bb2\/3&#8243;][la_divider height=\u00bblg:35px;\u00bb][la_heading use_gfont_subtitle=\u00bbyes\u00bb title=\u00bbRepositorio Institucional Digital\u00bb title_fz=\u00bblg:40px;mb:30px;\u00bb subtitle_font=\u00bbfont_family:Abril%20Fatface%3Aregular\u00bb subtitle_fz=\u00bblg:14px;\u00bb subtitle_color=\u00bb#232324&#8243; title_color=\u00bb#ffffff\u00bb][\/la_heading][la_btn title=\u00bbIngres\u00e1\u00bb shape=\u00bbrounded\u00bb color=\u00bbwhite\u00bb align=\u00bbcenter\u00bb link=\u00bburl:http%3A%2F%2Frepositorio.unlz.edu.ar||target:%20_blank|\u00bb][la_divider height=\u00bblg:35px;\u00bb][\/vc_column][vc_column width=\u00bb1\/6&#8243;][\/vc_column][\/vc_row][vc_row full_width=\u00bbstretch_row_content_no_spaces\u00bb&hellip;\" \/>\n<meta property=\"og:url\" content=\"https:\/\/www.unlz.edu.ar\/?page_id=2657\" \/>\n<meta property=\"og:site_name\" content=\"UNLZ\" \/>\n<meta property=\"article:publisher\" content=\"https:\/\/www.facebook.com\/UNLZoficial\/\" \/>\n<meta property=\"article:modified_time\" content=\"2024-07-10T15:18:04+00:00\" \/>\n<meta name=\"twitter:card\" content=\"summary_large_image\" \/>\n<meta name=\"twitter:site\" content=\"@UNLZoficial\" \/>\n<meta name=\"twitter:label1\" content=\"Tiempo de lectura\" \/>\n\t<meta name=\"twitter:data1\" content=\"5 minutos\" \/>\n<script type=\"application\/ld+json\" class=\"yoast-schema-graph\">{\"@context\":\"https:\/\/schema.org\",\"@graph\":[{\"@type\":\"WebPage\",\"@id\":\"https:\/\/www.unlz.edu.ar\/?page_id=2657\",\"url\":\"https:\/\/www.unlz.edu.ar\/?page_id=2657\",\"name\":\"Vinculaci\u00f3n Tecnol\u00f3gica | UNLZ\",\"isPartOf\":{\"@id\":\"https:\/\/www.unlz.edu.ar\/#website\"},\"datePublished\":\"2019-10-03T20:06:10+00:00\",\"dateModified\":\"2024-07-10T15:18:04+00:00\",\"breadcrumb\":{\"@id\":\"https:\/\/www.unlz.edu.ar\/?page_id=2657#breadcrumb\"},\"inLanguage\":\"es\",\"potentialAction\":[{\"@type\":\"ReadAction\",\"target\":[\"https:\/\/www.unlz.edu.ar\/?page_id=2657\"]}]},{\"@type\":\"BreadcrumbList\",\"@id\":\"https:\/\/www.unlz.edu.ar\/?page_id=2657#breadcrumb\",\"itemListElement\":[{\"@type\":\"ListItem\",\"position\":1,\"name\":\"Portada\",\"item\":\"https:\/\/www.unlz.edu.ar\/\"},{\"@type\":\"ListItem\",\"position\":2,\"name\":\"Vinculaci\u00f3n Tecnol\u00f3gica\"}]},{\"@type\":\"WebSite\",\"@id\":\"https:\/\/www.unlz.edu.ar\/#website\",\"url\":\"https:\/\/www.unlz.edu.ar\/\",\"name\":\"UNLZ\",\"description\":\"Universidad Nacional de Lomas de Zamora\",\"publisher\":{\"@id\":\"https:\/\/www.unlz.edu.ar\/#organization\"},\"potentialAction\":[{\"@type\":\"SearchAction\",\"target\":{\"@type\":\"EntryPoint\",\"urlTemplate\":\"https:\/\/www.unlz.edu.ar\/?s={search_term_string}\"},\"query-input\":{\"@type\":\"PropertyValueSpecification\",\"valueRequired\":true,\"valueName\":\"search_term_string\"}}],\"inLanguage\":\"es\"},{\"@type\":\"Organization\",\"@id\":\"https:\/\/www.unlz.edu.ar\/#organization\",\"name\":\"Universidad Nacional de Lomas de Zamora\",\"url\":\"https:\/\/www.unlz.edu.ar\/\",\"logo\":{\"@type\":\"ImageObject\",\"inLanguage\":\"es\",\"@id\":\"https:\/\/www.unlz.edu.ar\/#\/schema\/logo\/image\/\",\"url\":\"https:\/\/www.unlz.edu.ar\/wp-content\/uploads\/2023\/12\/unlz-logo-png.png\",\"contentUrl\":\"https:\/\/www.unlz.edu.ar\/wp-content\/uploads\/2023\/12\/unlz-logo-png.png\",\"width\":115,\"height\":119,\"caption\":\"Universidad Nacional de Lomas de Zamora\"},\"image\":{\"@id\":\"https:\/\/www.unlz.edu.ar\/#\/schema\/logo\/image\/\"},\"sameAs\":[\"https:\/\/www.facebook.com\/UNLZoficial\/\",\"https:\/\/x.com\/UNLZoficial\",\"https:\/\/www.instagram.com\/unlzoficial\/\",\"https:\/\/www.youtube.com\/channel\/UChlG2EZhGAYgBiQdI3Zo5fw\",\"https:\/\/www.tiktok.com\/@unlzoficial\"]}]}<\/script>\n<!-- \/ Yoast SEO plugin. -->","yoast_head_json":{"title":"Vinculaci\u00f3n Tecnol\u00f3gica | UNLZ","robots":{"index":"index","follow":"follow","max-snippet":"max-snippet:-1","max-image-preview":"max-image-preview:large","max-video-preview":"max-video-preview:-1"},"canonical":"https:\/\/www.unlz.edu.ar\/?page_id=2657","og_locale":"es_ES","og_type":"article","og_title":"Vinculaci\u00f3n Tecnol\u00f3gica | UNLZ","og_description":"[vc_row full_width=\u00bbstretch_row\u00bb css=\u00bb.vc_custom_1572376045931{background: #ffffff url(https:\/\/www.unlz.edu.ar\/wp-content\/uploads\/2019\/10\/vinculacion-tecnologica-negro.jpg?id=2658) !important;background-position: center !important;background-repeat: no-repeat !important;background-size: cover !important;}\u00bb][vc_column][la_divider height=\u00bbxlg:350px;lg:250px;md:200px;sm:160px;mb:30px;\u00bb][la_heading spacer=\u00bbline\u00bb spacer_position=\u00bbmiddle\u00bb line_height=\u00bb3&#8243; title=\u00bbVinculaci\u00f3n tecnol\u00f3gica\u00bb line_width=\u00bblg:60px;\u00bb line_color=\u00bb#ffffff\u00bb title_fz=\u00bblg:90px;md:60px;sm:40px;xs:36px;\u00bb title_color=\u00bb#ffffff\u00bb subtitle_fz=\u00bblg:15px;md:14px;\u00bb subtitle_color=\u00bb#ffffff\u00bb line_class=\u00bbmargin-top-30 margin-bottom-30&#8243;][\/la_heading][la_divider height=\u00bbxlg:300px;lg:200px;xs:100px;mb:90px;\u00bb][\/vc_column][\/vc_row][vc_row full_width=\u00bbstretch_row_content_no_spaces\u00bb css=\u00bb.vc_custom_1570133453667{background-color: #ffffff !important;}\u00bb][vc_column css=\u00bb.vc_custom_1570133482553{background-color: #ffffff !important;}\u00bb][la_divider height=\u00bblg:40px;mb:10px;\u00bb][\/vc_column][\/vc_row][vc_row full_width=\u00bbstretch_row\u00bb css=\u00bb.vc_custom_1586784172998{background-color: #0004f6 !important;}\u00bb el_class=\u00bbbloque-texto\u00bb][vc_column width=\u00bb1\/6&#8243;][\/vc_column][vc_column width=\u00bb2\/3&#8243;][la_divider height=\u00bblg:35px;\u00bb][la_heading use_gfont_subtitle=\u00bbyes\u00bb title=\u00bbRepositorio Institucional Digital\u00bb title_fz=\u00bblg:40px;mb:30px;\u00bb subtitle_font=\u00bbfont_family:Abril%20Fatface%3Aregular\u00bb subtitle_fz=\u00bblg:14px;\u00bb subtitle_color=\u00bb#232324&#8243; title_color=\u00bb#ffffff\u00bb][\/la_heading][la_btn title=\u00bbIngres\u00e1\u00bb shape=\u00bbrounded\u00bb color=\u00bbwhite\u00bb align=\u00bbcenter\u00bb link=\u00bburl:http%3A%2F%2Frepositorio.unlz.edu.ar||target:%20_blank|\u00bb][la_divider height=\u00bblg:35px;\u00bb][\/vc_column][vc_column width=\u00bb1\/6&#8243;][\/vc_column][\/vc_row][vc_row full_width=\u00bbstretch_row_content_no_spaces\u00bb&hellip;","og_url":"https:\/\/www.unlz.edu.ar\/?page_id=2657","og_site_name":"UNLZ","article_publisher":"https:\/\/www.facebook.com\/UNLZoficial\/","article_modified_time":"2024-07-10T15:18:04+00:00","twitter_card":"summary_large_image","twitter_site":"@UNLZoficial","twitter_misc":{"Tiempo de lectura":"5 minutos"},"schema":{"@context":"https:\/\/schema.org","@graph":[{"@type":"WebPage","@id":"https:\/\/www.unlz.edu.ar\/?page_id=2657","url":"https:\/\/www.unlz.edu.ar\/?page_id=2657","name":"Vinculaci\u00f3n Tecnol\u00f3gica | UNLZ","isPartOf":{"@id":"https:\/\/www.unlz.edu.ar\/#website"},"datePublished":"2019-10-03T20:06:10+00:00","dateModified":"2024-07-10T15:18:04+00:00","breadcrumb":{"@id":"https:\/\/www.unlz.edu.ar\/?page_id=2657#breadcrumb"},"inLanguage":"es","potentialAction":[{"@type":"ReadAction","target":["https:\/\/www.unlz.edu.ar\/?page_id=2657"]}]},{"@type":"BreadcrumbList","@id":"https:\/\/www.unlz.edu.ar\/?page_id=2657#breadcrumb","itemListElement":[{"@type":"ListItem","position":1,"name":"Portada","item":"https:\/\/www.unlz.edu.ar\/"},{"@type":"ListItem","position":2,"name":"Vinculaci\u00f3n Tecnol\u00f3gica"}]},{"@type":"WebSite","@id":"https:\/\/www.unlz.edu.ar\/#website","url":"https:\/\/www.unlz.edu.ar\/","name":"UNLZ","description":"Universidad Nacional de Lomas de Zamora","publisher":{"@id":"https:\/\/www.unlz.edu.ar\/#organization"},"potentialAction":[{"@type":"SearchAction","target":{"@type":"EntryPoint","urlTemplate":"https:\/\/www.unlz.edu.ar\/?s={search_term_string}"},"query-input":{"@type":"PropertyValueSpecification","valueRequired":true,"valueName":"search_term_string"}}],"inLanguage":"es"},{"@type":"Organization","@id":"https:\/\/www.unlz.edu.ar\/#organization","name":"Universidad Nacional de Lomas de Zamora","url":"https:\/\/www.unlz.edu.ar\/","logo":{"@type":"ImageObject","inLanguage":"es","@id":"https:\/\/www.unlz.edu.ar\/#\/schema\/logo\/image\/","url":"https:\/\/www.unlz.edu.ar\/wp-content\/uploads\/2023\/12\/unlz-logo-png.png","contentUrl":"https:\/\/www.unlz.edu.ar\/wp-content\/uploads\/2023\/12\/unlz-logo-png.png","width":115,"height":119,"caption":"Universidad Nacional de Lomas de Zamora"},"image":{"@id":"https:\/\/www.unlz.edu.ar\/#\/schema\/logo\/image\/"},"sameAs":["https:\/\/www.facebook.com\/UNLZoficial\/","https:\/\/x.com\/UNLZoficial","https:\/\/www.instagram.com\/unlzoficial\/","https:\/\/www.youtube.com\/channel\/UChlG2EZhGAYgBiQdI3Zo5fw","https:\/\/www.tiktok.com\/@unlzoficial"]}]}},"_links":{"self":[{"href":"https:\/\/www.unlz.edu.ar\/index.php?rest_route=\/wp\/v2\/pages\/2657","targetHints":{"allow":["GET"]}}],"collection":[{"href":"https:\/\/www.unlz.edu.ar\/index.php?rest_route=\/wp\/v2\/pages"}],"about":[{"href":"https:\/\/www.unlz.edu.ar\/index.php?rest_route=\/wp\/v2\/types\/page"}],"author":[{"embeddable":true,"href":"https:\/\/www.unlz.edu.ar\/index.php?rest_route=\/wp\/v2\/users\/1"}],"replies":[{"embeddable":true,"href":"https:\/\/www.unlz.edu.ar\/index.php?rest_route=%2Fwp%2Fv2%2Fcomments&post=2657"}],"version-history":[{"count":21,"href":"https:\/\/www.unlz.edu.ar\/index.php?rest_route=\/wp\/v2\/pages\/2657\/revisions"}],"predecessor-version":[{"id":9305,"href":"https:\/\/www.unlz.edu.ar\/index.php?rest_route=\/wp\/v2\/pages\/2657\/revisions\/9305"}],"wp:attachment":[{"href":"https:\/\/www.unlz.edu.ar\/index.php?rest_route=%2Fwp%2Fv2%2Fmedia&parent=2657"}],"curies":[{"name":"wp","href":"https:\/\/api.w.org\/{rel}","templated":true}]}}