{"id":3068,"date":"2019-10-09T12:44:27","date_gmt":"2019-10-09T15:44:27","guid":{"rendered":"http:\/\/170.210.104.16\/?page_id=3068"},"modified":"2023-04-03T14:48:38","modified_gmt":"2023-04-03T17:48:38","slug":"pastoral-universitaria","status":"publish","type":"page","link":"https:\/\/www.unlz.edu.ar\/?page_id=3068","title":{"rendered":"Pastoral Universitaria"},"content":{"rendered":"<p>[vc_row full_width=\u00bbstretch_row\u00bb css=\u00bb.vc_custom_1572376034143{background-image: url(https:\/\/www.unlz.edu.ar\/wp-content\/uploads\/2019\/10\/pastoral.jpg?id=3132) !important;background-position: center !important;background-repeat: no-repeat !important;background-size: cover !important;}\u00bb][vc_column][la_divider height=\u00bbxlg:350px;lg:250px;md:200px;sm:160px;\u00bb][la_heading spacer=\u00bbline\u00bb spacer_position=\u00bbmiddle\u00bb line_height=\u00bb3&#8243; title=\u00bbPastoral Universitaria\u00bb line_width=\u00bblg:60px;\u00bb line_color=\u00bb#ffffff\u00bb title_fz=\u00bblg:90px;md:60px;sm:40px;xs:36px;\u00bb title_color=\u00bb#ffffff\u00bb subtitle_fz=\u00bblg:15px;md:14px;\u00bb subtitle_color=\u00bb#ffffff\u00bb line_class=\u00bbmargin-top-30 margin-bottom-30&#8243;][\/la_heading][la_divider height=\u00bbxlg:300px;lg:200px;xs:100px;\u00bb][\/vc_column][\/vc_row][vc_row full_width=\u00bbstretch_row\u00bb css=\u00bb.vc_custom_1570747534630{background-color: #ffffff !important;}\u00bb el_class=\u00bbbloque-texto\u00bb][vc_column width=\u00bb1\/6&#8243;][\/vc_column][vc_column width=\u00bb2\/3&#8243;][la_heading title=\u00bbSemana Santa 2023&#8243; title_fz=\u00bblg:40px;mb:30px;\u00bb title_color=\u00bb#000000&#8243; subtitle_fz=\u00bblg:15px;md:14px;\u00bb][\/la_heading][la_divider height=\u00bblg:40px;mb:10px;\u00bb][vc_column_text css_animation=\u00bbfadeIn\u00bb]<\/p>\n<p class=\"texto2\" style=\"text-align: justify;\">El lunes 3 de Abril de 2023 se realizar\u00e1 la Bendici\u00f3n de los ramos de olivo, recordando la entrada triunfal de Jes\u00fas en Jerusal\u00e9n unos d\u00edas antes de su muerte y resurrecci\u00f3n.<\/p>\n<p>Dicha actividad, estar\u00e1 a cargo del Di\u00e1cono Permanente de la Di\u00f3cesis de Lomas de Zamora, Jos\u00e9 Esteban Fuccenecco.[\/vc_column_text][la_divider height=\u00bblg:10px;\u00bb][\/vc_column][vc_column width=\u00bb1\/6&#8243;][\/vc_column][\/vc_row][vc_row full_width=\u00bbstretch_row\u00bb css=\u00bb.vc_custom_1570747534630{background-color: #ffffff !important;}\u00bb el_class=\u00bbbloque-texto\u00bb][vc_column width=\u00bb1\/6&#8243;][\/vc_column][vc_column width=\u00bb2\/3&#8243;][la_divider height=\u00bblg:40px;mb:10px;\u00bb][vc_column_text css_animation=\u00bbfadeIn\u00bb]<\/p>\n<p class=\"texto2\" style=\"text-align: justify;\">A trav\u00e9s de un Convenio Marco firmado entre la UNLZ y el Obispado de Lomas de Zamora, funciona en el box 3 de la Biblioteca Central la sede de la Pastoral Universitaria de Lomas de Zamora (PULZ).<br \/>\nEste organismo se ocupa de la vida universitaria dentro de la jurisdicci\u00f3n de la Di\u00f3cesis de Lomas de Zamora, la cual incluye los municipios de Lomas de Zamora, Esteban Echeverr\u00eda, Ezeiza, Almirante Brown, Presidente Per\u00f3n y San Vicente.<br \/>\nLa Pastoral Universitaria tiene, entre otros, \u00a0\u00e9stos objetivos:<\/p>\n<ul>\n<li class=\"texto2\" style=\"text-align: justify;\">Acompa\u00f1ar a los alumnos, docentes y personal no docente en sus procesos personales, a la luz de la fe.<\/li>\n<li class=\"texto2\" style=\"text-align: justify;\">Promover el di\u00e1logo entre los contenidos de la fe cat\u00f3lica y las diversas ciencias y la cultura, a trav\u00e9s de iniciativas tales como charlas, conferencias, exposiciones, etc.<\/li>\n<li class=\"texto2\" style=\"text-align: justify;\">Estimular la conciencia sobre la dimensi\u00f3n social de toda carrera profesional, buscando que cada estudiante crezca en el compromiso por el bien com\u00fan.<\/li>\n<li class=\"texto2\" style=\"text-align: justify;\">Proponer a los estudiantes y docentes diversas experiencias de voluntariado que contribuyan a poner sus conocimientos te\u00f3ricos al servicio de las personas m\u00e1s vulnerables.<\/li>\n<li class=\"texto2\" style=\"text-align: justify;\">Articular con cualquier instancia de la Universidad proyectos de mutuo inter\u00e9s en orden a cumplir con los objetivos antes detallados.<\/li>\n<\/ul>\n<p>[\/vc_column_text][la_divider height=\u00bblg:10px;\u00bb][\/vc_column][vc_column width=\u00bb1\/6&#8243;][\/vc_column][\/vc_row][vc_row full_width=\u00bbstretch_row\u00bb el_class=\u00bbbloque-texto\u00bb][vc_column width=\u00bb1\/6&#8243;][\/vc_column][vc_column width=\u00bb2\/3&#8243;][la_divider height=\u00bblg:40px;mb:20px;\u00bb][la_heading title=\u00bbPandemia y Semana Santa: nadie se salva solo\u00bb title_fz=\u00bblg:40px;mb:30px;\u00bb title_color=\u00bb#000000&#8243; subtitle_fz=\u00bblg:15px;md:14px;\u00bb]\n<p style=\"text-align: center;\">Mensaje del Padre Andr\u00e9s Vallejos<\/p>\n<p>[\/la_heading][la_btn title=\u00bbTEXTO COMPLETO\u00bb align=\u00bbcenter\u00bb link=\u00bburl:https%3A%2F%2Fwww.unlz.edu.ar%2Fwp-content%2Fuploads%2F2020%2F04%2FPandemia-y-Semana-Santa-PULZ.pdf||target:%20_blank|\u00bb][la_divider height=\u00bblg:30px;\u00bb][la_divider height=\u00bblg:5px;\u00bb][\/vc_column][vc_column width=\u00bb1\/6&#8243;][\/vc_column][\/vc_row][vc_row full_width=\u00bbstretch_row\u00bb css=\u00bb.vc_custom_1570743372647{background-color: #f7f7f7 !important;}\u00bb el_class=\u00bbbloque-texto\u00bb][vc_column width=\u00bb1\/6&#8243; css=\u00bb.vc_custom_1570650615234{background-color: #f7f7f7 !important;}\u00bb][\/vc_column][vc_column width=\u00bb2\/3&#8243; css=\u00bb.vc_custom_1570650626568{background-color: #f7f7f7 !important;}\u00bb][la_divider height=\u00bblg:40px;mb:20px;\u00bb][la_heading title=\u00bbActividades\u00bb title_fz=\u00bblg:40px;mb:30px;\u00bb title_color=\u00bb#000000&#8243; subtitle_fz=\u00bblg:15px;md:14px;\u00bb][\/la_heading][la_divider height=\u00bblg:30px;\u00bb][vc_single_image image=\u00bb3114&#8243; img_size=\u00bbfull\u00bb alignment=\u00bbcenter\u00bb css_animation=\u00bbfadeIn\u00bb][la_divider height=\u00bblg:5px;\u00bb][\/vc_column][vc_column width=\u00bb1\/6&#8243; css=\u00bb.vc_custom_1570650635302{background-color: #f7f7f7 !important;}\u00bb][\/vc_column][\/vc_row][vc_row full_width=\u00bbstretch_row\u00bb css=\u00bb.vc_custom_1570743378209{background-color: #ffffff !important;}\u00bb el_class=\u00bbbloque-texto\u00bb][vc_column width=\u00bb1\/6&#8243; css=\u00bb.vc_custom_1570650678000{background-color: #ffffff !important;}\u00bb][\/vc_column][vc_column width=\u00bb2\/3&#8243;][la_divider height=\u00bblg:50px;\u00bb][la_heading title=\u00bbProyecto Solidario Manos a la Obra\u00bb title_fz=\u00bblg:40px;mb:30px;\u00bb title_color=\u00bb#000000&#8243; subtitle_fz=\u00bblg:15px;md:14px;\u00bb][\/la_heading][la_divider height=\u00bblg:30px;\u00bb][vc_tta_accordion c_icon=\u00bb\u00bb active_section=\u00bb-1&#8243; collapsible_all=\u00bbtrue\u00bb][vc_tta_section i_icon_fontawesome=\u00bbfa fa-angle-down\u00bb add_icon=\u00bbtrue\u00bb title=\u00bbMisi\u00f3n\u00bb tab_id=\u00bb1570648944636-c772094f-afe2&#8243;][vc_column_text]<\/p>\n<p class=\"texto2\" style=\"text-align: justify;\">Busca cumplir con 2 objetivos:<\/p>\n<p style=\"text-align: justify;\">-Brindar un servicio desde los saberes espec\u00edficos que conforman la carrera, estimulando as\u00ed la responsabilidad social del ejercicio profesional<br \/>\n-Crear lazos entre estudiantes de las distintas carreras basadas en el di\u00e1logo, a formaci\u00f3n y la reflexi\u00f3n compartida.<\/p>\n<p>[\/vc_column_text][\/vc_tta_section][vc_tta_section i_icon_fontawesome=\u00bbfa fa-angle-down\u00bb add_icon=\u00bbtrue\u00bb title=\u00bbDescripci\u00f3n\u00bb tab_id=\u00bb1570648944666-8fd3eac9-81dd\u00bb][vc_column_text]El proyecto Manos a la Obra (MO) es un plan de intercambio y enriquecimiento mutuo en el que los estudiantes de educaci\u00f3n superior (terciarios y universitarios) de distintas carreras y j\u00f3venes profesionales, se re\u00fanen teniendo como prop\u00f3sito brindar un servicio concreto a una comunidad necesitada.[\/vc_column_text][\/vc_tta_section][vc_tta_section i_icon_fontawesome=\u00bbfa fa-angle-down\u00bb add_icon=\u00bbtrue\u00bb title=\u00bb\u00bfC\u00f3mo podemos ayudar?\u00bb tab_id=\u00bb1570649021402-74591599-4e17&#8243;][vc_column_text]<\/p>\n<p style=\"text-align: justify;\">Los estudiantes se agrupan en distintos subproyectos seg\u00fan las carreras de los j\u00f3venes que participen del Manos a la Obra: Agronom\u00eda, Cs. M\u00e9dicas, Psicolog\u00eda, Arte y Dise\u00f1o, Arquitectura, Derecho, Econom\u00eda, etc. Y cada grupo ir\u00e1 preparando su proyecto durante el a\u00f1o, realizando un diagn\u00f3stico para detectar las principales necesidades de la poblaci\u00f3n en la que se llevar\u00e1 a cabo el MO. Existen diversas maneras de colaborar, dependiendo de tus posibilidades de cada uno.<br \/>\nAdem\u00e1s, el apoyo de las empresas locales y regionales es indispensable. Ellas sostienen econ\u00f3micamente muchas de las actividades que se realizan durante el MO.<\/p>\n<p>[\/vc_column_text][\/vc_tta_section][vc_tta_section i_icon_fontawesome=\u00bbfa fa-angle-down\u00bb add_icon=\u00bbtrue\u00bb title=\u00bb\u00bfQui\u00e9nes pueden participar?\u00bb tab_id=\u00bb1570649022466-55886b19-c198&#8243;][vc_column_text]Estudiantes de nivel terciario y universitario, como as\u00ed tambi\u00e9n j\u00f3venes profesionales.<br \/>\nEste proyecto, ofrecido por la Pastoral Universitaria de Lomas de Zamora, invita a participar a todas aquellas personas que, aun no compartiendo la fe cat\u00f3lica, deseen colaborar y servir a quienes m\u00e1s lo necesitan.[\/vc_column_text][\/vc_tta_section][vc_tta_section i_icon_fontawesome=\u00bbfa fa-angle-down\u00bb add_icon=\u00bbtrue\u00bb title=\u00bbComunicate:\u00bb tab_id=\u00bb1570649023465-bf542c20-6fe5&#8243;][vc_column_text]<\/p>\n<p style=\"text-align: justify;\"><strong><i class=\"fa fa-facebook \" ><\/i> <\/strong>Manos Lomas<br \/>\n<strong><i class=\"fa fa-envelope \" ><\/i> <\/strong>manosalaobralomas@gmail.com<br \/>\n<strong><i class=\"fa fa-twitter \" ><\/i> <\/strong>@ManosLomas<br \/>\n<strong><i class=\"fa fa-mouse-pointer \" ><\/i> <\/strong>http:\/\/www.molomas.blogspot.com<\/p>\n<p>[\/vc_column_text][\/vc_tta_section][\/vc_tta_accordion][la_divider height=\u00bblg:40px;mb:0px;\u00bb][la_divider height=\u00bblg:40px;\u00bb][\/vc_column][vc_column width=\u00bb1\/6&#8243; css=\u00bb.vc_custom_1570650691256{background-color: #ffffff !important;}\u00bb][\/vc_column][\/vc_row][vc_row full_width=\u00bbstretch_row\u00bb css=\u00bb.vc_custom_1570743387990{background-color: #f7f7f7 !important;}\u00bb el_class=\u00bbbloque-texto\u00bb][vc_column width=\u00bb1\/5&#8243; css=\u00bb.vc_custom_1570650711121{background-color: #f7f7f7 !important;}\u00bb][\/vc_column][vc_column width=\u00bb1\/5&#8243;][la_heading spacer=\u00bbline\u00bb spacer_position=\u00bbmiddle\u00bb line_height=\u00bb3&#8243; title=\u00bbPara sumarte o recibir m\u00e1s informaci\u00f3n sobre la Pastoral Universitaria:\u00bb line_width=\u00bblg:60px;\u00bb line_color=\u00bb#ffffff\u00bb title_fz=\u00bblg:16px;md:16px;sm:16px;xs:16px;\u00bb title_color=\u00bb#000000&#8243; subtitle_fz=\u00bblg:12px;md:12px;\u00bb subtitle_color=\u00bb#000000&#8243; line_class=\u00bbmargin-top-30 margin-bottom-30&#8243;]Pastoral Universitaria de Lomas de Zamora<br \/>\nBox 3, Biblioteca Central<br \/>\nFacebook: Pastoral Universitaria de Lomas de Zamora[\/la_heading][\/vc_column][vc_column width=\u00bb1\/5&#8243; css=\u00bb.vc_custom_1570650733741{background-color: #f7f7f7 !important;}\u00bb][\/vc_column][vc_column width=\u00bb1\/5&#8243;][la_heading spacer=\u00bbline\u00bb spacer_position=\u00bbmiddle\u00bb line_height=\u00bb3&#8243; title=\u00bbPara sumarte o recibir m\u00e1s informaci\u00f3n sobre la Pastoral Universitaria:\u00bb line_width=\u00bblg:60px;\u00bb line_color=\u00bb#ffffff\u00bb title_fz=\u00bblg:16px;md:16px;sm:16px;xs:16px;\u00bb title_color=\u00bb#000000&#8243; subtitle_fz=\u00bblg:12px;md:12px;\u00bb subtitle_color=\u00bb#000000&#8243; line_class=\u00bbmargin-top-30 margin-bottom-30&#8243;]Pastoral Universitaria de Lomas de Zamora<br \/>\nBox 3, Biblioteca Central<br \/>\nFacebook: Pastoral Universitaria de Lomas de Zamora[\/la_heading][\/vc_column][vc_column width=\u00bb1\/5&#8243; css=\u00bb.vc_custom_1570650724073{background-color: #f7f7f7 !important;}\u00bb][\/vc_column][\/vc_row][vc_row full_width=\u00bbstretch_row_content_no_spaces\u00bb css=\u00bb.vc_custom_1570743409513{background-color: #f7f7f7 !important;}\u00bb][vc_column][la_divider height=\u00bblg:90px;\u00bb][\/vc_column][\/vc_row]<\/p>\n","protected":false},"excerpt":{"rendered":"<p>[vc_row full_width=\u00bbstretch_row\u00bb css=\u00bb.vc_custom_1572376034143{background-image: url(https:\/\/www.unlz.edu.ar\/wp-content\/uploads\/2019\/10\/pastoral.jpg?id=3132) !important;background-position: center !important;background-repeat: no-repeat !important;background-size: cover !important;}\u00bb][vc_column][la_divider height=\u00bbxlg:350px;lg:250px;md:200px;sm:160px;\u00bb][la_heading spacer=\u00bbline\u00bb spacer_position=\u00bbmiddle\u00bb line_height=\u00bb3&#8243; title=\u00bbPastoral Universitaria\u00bb line_width=\u00bblg:60px;\u00bb line_color=\u00bb#ffffff\u00bb title_fz=\u00bblg:90px;md:60px;sm:40px;xs:36px;\u00bb title_color=\u00bb#ffffff\u00bb subtitle_fz=\u00bblg:15px;md:14px;\u00bb subtitle_color=\u00bb#ffffff\u00bb line_class=\u00bbmargin-top-30 margin-bottom-30&#8243;][\/la_heading][la_divider height=\u00bbxlg:300px;lg:200px;xs:100px;\u00bb][\/vc_column][\/vc_row][vc_row full_width=\u00bbstretch_row\u00bb css=\u00bb.vc_custom_1570747534630{background-color: #ffffff !important;}\u00bb el_class=\u00bbbloque-texto\u00bb][vc_column width=\u00bb1\/6&#8243;][\/vc_column][vc_column width=\u00bb2\/3&#8243;][la_heading title=\u00bbSemana Santa 2023&#8243; title_fz=\u00bblg:40px;mb:30px;\u00bb title_color=\u00bb#000000&#8243; subtitle_fz=\u00bblg:15px;md:14px;\u00bb][\/la_heading][la_divider height=\u00bblg:40px;mb:10px;\u00bb][vc_column_text css_animation=\u00bbfadeIn\u00bb] El lunes 3 de Abril de 2023 se realizar\u00e1 la Bendici\u00f3n de los ramos de olivo, recordando la entrada&hellip;<\/p>\n","protected":false},"author":1,"featured_media":0,"parent":0,"menu_order":0,"comment_status":"closed","ping_status":"closed","template":"","meta":{"footnotes":""},"class_list":["post-3068","page","type-page","status-publish","hentry"],"yoast_head":"<!-- This site is optimized with the Yoast SEO plugin v26.0 - https:\/\/yoast.com\/wordpress\/plugins\/seo\/ -->\n<title>Pastoral Universitaria | UNLZ<\/title>\n<meta name=\"robots\" content=\"index, follow, max-snippet:-1, max-image-preview:large, max-video-preview:-1\" \/>\n<link rel=\"canonical\" href=\"https:\/\/www.unlz.edu.ar\/?page_id=3068\" \/>\n<meta property=\"og:locale\" content=\"es_ES\" \/>\n<meta property=\"og:type\" content=\"article\" \/>\n<meta property=\"og:title\" content=\"Pastoral Universitaria | UNLZ\" \/>\n<meta property=\"og:description\" content=\"[vc_row full_width=\u00bbstretch_row\u00bb css=\u00bb.vc_custom_1572376034143{background-image: url(https:\/\/www.unlz.edu.ar\/wp-content\/uploads\/2019\/10\/pastoral.jpg?id=3132) !important;background-position: center !important;background-repeat: no-repeat !important;background-size: cover !important;}\u00bb][vc_column][la_divider height=\u00bbxlg:350px;lg:250px;md:200px;sm:160px;\u00bb][la_heading spacer=\u00bbline\u00bb spacer_position=\u00bbmiddle\u00bb line_height=\u00bb3&#8243; title=\u00bbPastoral Universitaria\u00bb line_width=\u00bblg:60px;\u00bb line_color=\u00bb#ffffff\u00bb title_fz=\u00bblg:90px;md:60px;sm:40px;xs:36px;\u00bb title_color=\u00bb#ffffff\u00bb subtitle_fz=\u00bblg:15px;md:14px;\u00bb subtitle_color=\u00bb#ffffff\u00bb line_class=\u00bbmargin-top-30 margin-bottom-30&#8243;][\/la_heading][la_divider height=\u00bbxlg:300px;lg:200px;xs:100px;\u00bb][\/vc_column][\/vc_row][vc_row full_width=\u00bbstretch_row\u00bb css=\u00bb.vc_custom_1570747534630{background-color: #ffffff !important;}\u00bb el_class=\u00bbbloque-texto\u00bb][vc_column width=\u00bb1\/6&#8243;][\/vc_column][vc_column width=\u00bb2\/3&#8243;][la_heading title=\u00bbSemana Santa 2023&#8243; title_fz=\u00bblg:40px;mb:30px;\u00bb title_color=\u00bb#000000&#8243; subtitle_fz=\u00bblg:15px;md:14px;\u00bb][\/la_heading][la_divider height=\u00bblg:40px;mb:10px;\u00bb][vc_column_text css_animation=\u00bbfadeIn\u00bb] El lunes 3 de Abril de 2023 se realizar\u00e1 la Bendici\u00f3n de los ramos de olivo, recordando la entrada&hellip;\" \/>\n<meta property=\"og:url\" content=\"https:\/\/www.unlz.edu.ar\/?page_id=3068\" \/>\n<meta property=\"og:site_name\" content=\"UNLZ\" \/>\n<meta property=\"article:publisher\" content=\"https:\/\/www.facebook.com\/UNLZoficial\/\" \/>\n<meta property=\"article:modified_time\" content=\"2023-04-03T17:48:38+00:00\" \/>\n<meta name=\"twitter:card\" content=\"summary_large_image\" \/>\n<meta name=\"twitter:site\" content=\"@UNLZoficial\" \/>\n<meta name=\"twitter:label1\" content=\"Tiempo de lectura\" \/>\n\t<meta name=\"twitter:data1\" content=\"4 minutos\" \/>\n<script type=\"application\/ld+json\" class=\"yoast-schema-graph\">{\"@context\":\"https:\/\/schema.org\",\"@graph\":[{\"@type\":\"WebPage\",\"@id\":\"https:\/\/www.unlz.edu.ar\/?page_id=3068\",\"url\":\"https:\/\/www.unlz.edu.ar\/?page_id=3068\",\"name\":\"Pastoral Universitaria | UNLZ\",\"isPartOf\":{\"@id\":\"https:\/\/www.unlz.edu.ar\/#website\"},\"datePublished\":\"2019-10-09T15:44:27+00:00\",\"dateModified\":\"2023-04-03T17:48:38+00:00\",\"breadcrumb\":{\"@id\":\"https:\/\/www.unlz.edu.ar\/?page_id=3068#breadcrumb\"},\"inLanguage\":\"es\",\"potentialAction\":[{\"@type\":\"ReadAction\",\"target\":[\"https:\/\/www.unlz.edu.ar\/?page_id=3068\"]}]},{\"@type\":\"BreadcrumbList\",\"@id\":\"https:\/\/www.unlz.edu.ar\/?page_id=3068#breadcrumb\",\"itemListElement\":[{\"@type\":\"ListItem\",\"position\":1,\"name\":\"Portada\",\"item\":\"https:\/\/www.unlz.edu.ar\/\"},{\"@type\":\"ListItem\",\"position\":2,\"name\":\"Pastoral Universitaria\"}]},{\"@type\":\"WebSite\",\"@id\":\"https:\/\/www.unlz.edu.ar\/#website\",\"url\":\"https:\/\/www.unlz.edu.ar\/\",\"name\":\"UNLZ\",\"description\":\"Universidad Nacional de Lomas de Zamora\",\"publisher\":{\"@id\":\"https:\/\/www.unlz.edu.ar\/#organization\"},\"potentialAction\":[{\"@type\":\"SearchAction\",\"target\":{\"@type\":\"EntryPoint\",\"urlTemplate\":\"https:\/\/www.unlz.edu.ar\/?s={search_term_string}\"},\"query-input\":{\"@type\":\"PropertyValueSpecification\",\"valueRequired\":true,\"valueName\":\"search_term_string\"}}],\"inLanguage\":\"es\"},{\"@type\":\"Organization\",\"@id\":\"https:\/\/www.unlz.edu.ar\/#organization\",\"name\":\"Universidad Nacional de Lomas de Zamora\",\"url\":\"https:\/\/www.unlz.edu.ar\/\",\"logo\":{\"@type\":\"ImageObject\",\"inLanguage\":\"es\",\"@id\":\"https:\/\/www.unlz.edu.ar\/#\/schema\/logo\/image\/\",\"url\":\"https:\/\/www.unlz.edu.ar\/wp-content\/uploads\/2023\/12\/unlz-logo-png.png\",\"contentUrl\":\"https:\/\/www.unlz.edu.ar\/wp-content\/uploads\/2023\/12\/unlz-logo-png.png\",\"width\":115,\"height\":119,\"caption\":\"Universidad Nacional de Lomas de Zamora\"},\"image\":{\"@id\":\"https:\/\/www.unlz.edu.ar\/#\/schema\/logo\/image\/\"},\"sameAs\":[\"https:\/\/www.facebook.com\/UNLZoficial\/\",\"https:\/\/x.com\/UNLZoficial\",\"https:\/\/www.instagram.com\/unlzoficial\/\",\"https:\/\/www.youtube.com\/channel\/UChlG2EZhGAYgBiQdI3Zo5fw\",\"https:\/\/www.tiktok.com\/@unlzoficial\"]}]}<\/script>\n<!-- \/ Yoast SEO plugin. -->","yoast_head_json":{"title":"Pastoral Universitaria | UNLZ","robots":{"index":"index","follow":"follow","max-snippet":"max-snippet:-1","max-image-preview":"max-image-preview:large","max-video-preview":"max-video-preview:-1"},"canonical":"https:\/\/www.unlz.edu.ar\/?page_id=3068","og_locale":"es_ES","og_type":"article","og_title":"Pastoral Universitaria | UNLZ","og_description":"[vc_row full_width=\u00bbstretch_row\u00bb css=\u00bb.vc_custom_1572376034143{background-image: url(https:\/\/www.unlz.edu.ar\/wp-content\/uploads\/2019\/10\/pastoral.jpg?id=3132) !important;background-position: center !important;background-repeat: no-repeat !important;background-size: cover !important;}\u00bb][vc_column][la_divider height=\u00bbxlg:350px;lg:250px;md:200px;sm:160px;\u00bb][la_heading spacer=\u00bbline\u00bb spacer_position=\u00bbmiddle\u00bb line_height=\u00bb3&#8243; title=\u00bbPastoral Universitaria\u00bb line_width=\u00bblg:60px;\u00bb line_color=\u00bb#ffffff\u00bb title_fz=\u00bblg:90px;md:60px;sm:40px;xs:36px;\u00bb title_color=\u00bb#ffffff\u00bb subtitle_fz=\u00bblg:15px;md:14px;\u00bb subtitle_color=\u00bb#ffffff\u00bb line_class=\u00bbmargin-top-30 margin-bottom-30&#8243;][\/la_heading][la_divider height=\u00bbxlg:300px;lg:200px;xs:100px;\u00bb][\/vc_column][\/vc_row][vc_row full_width=\u00bbstretch_row\u00bb css=\u00bb.vc_custom_1570747534630{background-color: #ffffff !important;}\u00bb el_class=\u00bbbloque-texto\u00bb][vc_column width=\u00bb1\/6&#8243;][\/vc_column][vc_column width=\u00bb2\/3&#8243;][la_heading title=\u00bbSemana Santa 2023&#8243; title_fz=\u00bblg:40px;mb:30px;\u00bb title_color=\u00bb#000000&#8243; subtitle_fz=\u00bblg:15px;md:14px;\u00bb][\/la_heading][la_divider height=\u00bblg:40px;mb:10px;\u00bb][vc_column_text css_animation=\u00bbfadeIn\u00bb] El lunes 3 de Abril de 2023 se realizar\u00e1 la Bendici\u00f3n de los ramos de olivo, recordando la entrada&hellip;","og_url":"https:\/\/www.unlz.edu.ar\/?page_id=3068","og_site_name":"UNLZ","article_publisher":"https:\/\/www.facebook.com\/UNLZoficial\/","article_modified_time":"2023-04-03T17:48:38+00:00","twitter_card":"summary_large_image","twitter_site":"@UNLZoficial","twitter_misc":{"Tiempo de lectura":"4 minutos"},"schema":{"@context":"https:\/\/schema.org","@graph":[{"@type":"WebPage","@id":"https:\/\/www.unlz.edu.ar\/?page_id=3068","url":"https:\/\/www.unlz.edu.ar\/?page_id=3068","name":"Pastoral Universitaria | UNLZ","isPartOf":{"@id":"https:\/\/www.unlz.edu.ar\/#website"},"datePublished":"2019-10-09T15:44:27+00:00","dateModified":"2023-04-03T17:48:38+00:00","breadcrumb":{"@id":"https:\/\/www.unlz.edu.ar\/?page_id=3068#breadcrumb"},"inLanguage":"es","potentialAction":[{"@type":"ReadAction","target":["https:\/\/www.unlz.edu.ar\/?page_id=3068"]}]},{"@type":"BreadcrumbList","@id":"https:\/\/www.unlz.edu.ar\/?page_id=3068#breadcrumb","itemListElement":[{"@type":"ListItem","position":1,"name":"Portada","item":"https:\/\/www.unlz.edu.ar\/"},{"@type":"ListItem","position":2,"name":"Pastoral Universitaria"}]},{"@type":"WebSite","@id":"https:\/\/www.unlz.edu.ar\/#website","url":"https:\/\/www.unlz.edu.ar\/","name":"UNLZ","description":"Universidad Nacional de Lomas de Zamora","publisher":{"@id":"https:\/\/www.unlz.edu.ar\/#organization"},"potentialAction":[{"@type":"SearchAction","target":{"@type":"EntryPoint","urlTemplate":"https:\/\/www.unlz.edu.ar\/?s={search_term_string}"},"query-input":{"@type":"PropertyValueSpecification","valueRequired":true,"valueName":"search_term_string"}}],"inLanguage":"es"},{"@type":"Organization","@id":"https:\/\/www.unlz.edu.ar\/#organization","name":"Universidad Nacional de Lomas de Zamora","url":"https:\/\/www.unlz.edu.ar\/","logo":{"@type":"ImageObject","inLanguage":"es","@id":"https:\/\/www.unlz.edu.ar\/#\/schema\/logo\/image\/","url":"https:\/\/www.unlz.edu.ar\/wp-content\/uploads\/2023\/12\/unlz-logo-png.png","contentUrl":"https:\/\/www.unlz.edu.ar\/wp-content\/uploads\/2023\/12\/unlz-logo-png.png","width":115,"height":119,"caption":"Universidad Nacional de Lomas de Zamora"},"image":{"@id":"https:\/\/www.unlz.edu.ar\/#\/schema\/logo\/image\/"},"sameAs":["https:\/\/www.facebook.com\/UNLZoficial\/","https:\/\/x.com\/UNLZoficial","https:\/\/www.instagram.com\/unlzoficial\/","https:\/\/www.youtube.com\/channel\/UChlG2EZhGAYgBiQdI3Zo5fw","https:\/\/www.tiktok.com\/@unlzoficial"]}]}},"_links":{"self":[{"href":"https:\/\/www.unlz.edu.ar\/index.php?rest_route=\/wp\/v2\/pages\/3068","targetHints":{"allow":["GET"]}}],"collection":[{"href":"https:\/\/www.unlz.edu.ar\/index.php?rest_route=\/wp\/v2\/pages"}],"about":[{"href":"https:\/\/www.unlz.edu.ar\/index.php?rest_route=\/wp\/v2\/types\/page"}],"author":[{"embeddable":true,"href":"https:\/\/www.unlz.edu.ar\/index.php?rest_route=\/wp\/v2\/users\/1"}],"replies":[{"embeddable":true,"href":"https:\/\/www.unlz.edu.ar\/index.php?rest_route=%2Fwp%2Fv2%2Fcomments&post=3068"}],"version-history":[{"count":28,"href":"https:\/\/www.unlz.edu.ar\/index.php?rest_route=\/wp\/v2\/pages\/3068\/revisions"}],"predecessor-version":[{"id":8577,"href":"https:\/\/www.unlz.edu.ar\/index.php?rest_route=\/wp\/v2\/pages\/3068\/revisions\/8577"}],"wp:attachment":[{"href":"https:\/\/www.unlz.edu.ar\/index.php?rest_route=%2Fwp%2Fv2%2Fmedia&parent=3068"}],"curies":[{"name":"wp","href":"https:\/\/api.w.org\/{rel}","templated":true}]}}