{"id":3436,"date":"2019-10-11T10:40:54","date_gmt":"2019-10-11T13:40:54","guid":{"rendered":"http:\/\/170.210.104.16\/?page_id=3436"},"modified":"2025-09-30T10:06:07","modified_gmt":"2025-09-30T13:06:07","slug":"discapacidad","status":"publish","type":"page","link":"https:\/\/www.unlz.edu.ar\/?page_id=3436","title":{"rendered":"Discapacidad"},"content":{"rendered":"<p>[vc_row full_width=\u00bbstretch_row\u00bb css=\u00bb.vc_custom_1572376004984{background-image: url(https:\/\/www.unlz.edu.ar\/wp-content\/uploads\/2019\/09\/NEGROCampusunlz-1.jpg?id=2025) !important;background-position: center !important;background-repeat: no-repeat !important;background-size: cover !important;}\u00bb][vc_column][la_divider height=\u00bbxlg:350px;lg:250px;md:200px;sm:160px;\u00bb][la_heading spacer=\u00bbline\u00bb spacer_position=\u00bbmiddle\u00bb line_height=\u00bb3&#8243; title=\u00bbDiscapacidad\u00bb line_width=\u00bblg:60px;\u00bb line_color=\u00bb#ffffff\u00bb title_fz=\u00bblg:90px;md:60px;sm:40px;xs:36px;\u00bb title_color=\u00bb#ffffff\u00bb subtitle_fz=\u00bblg:15px;md:14px;\u00bb subtitle_color=\u00bb#ffffff\u00bb line_class=\u00bbmargin-top-30 margin-bottom-30&#8243;][\/la_heading][la_divider height=\u00bbxlg:300px;lg:200px;xs:100px;\u00bb][\/vc_column][\/vc_row][vc_row full_width=\u00bbstretch_row\u00bb css=\u00bb.vc_custom_1570739405032{background-color: #ffffff !important;}\u00bb el_class=\u00bbbloque-texto\u00bb][vc_column width=\u00bb1\/6&#8243; css=\u00bb.vc_custom_1569553289765{background-color: #ffffff !important;}\u00bb][\/vc_column][vc_column width=\u00bb2\/3&#8243;][la_divider height=\u00bblg:80px;mb:4px;\u00bb][la_heading title=\u00bbPrograma universitario para la promoci\u00f3n de los derechos de las personas con discapacidad\u00bb title_fz=\u00bblg:40px;mb:20px;\u00bb title_color=\u00bb#000000&#8243; subtitle_fz=\u00bblg:15px;md:14px;\u00bb][\/la_heading][la_divider height=\u00bblg:80px;mb:10px;\u00bb][vc_column_text css_animation=\u00bbfadeIn\u00bb]<\/p>\n<p class=\"titulo\" style=\"text-align: justify;\">El programa de asesoramiento para personas con discapacidad es un servicio de extensi\u00f3n lanzado por la Universidad Nacional de Lomas de Zamora que est\u00e1 destinado a todos aquellos alumnos, personal docente, administrativo o de maestranza de la UNLZ, como tambi\u00e9n sus familiares, que necesiten asistencia respecto a beneficios, leyes, accesibilidad, o que padezcan discriminaci\u00f3n por su condici\u00f3n.<\/p>\n<p style=\"text-align: justify;\"><i class=\"fa fa-phone \" ><\/i> L\u00ednea telef\u00f3nica para consultas 011-6713-0535. Dr. Estrugo Saavedra.<\/p>\n<p>[\/vc_column_text][\/vc_column][vc_column width=\u00bb1\/6&#8243;][\/vc_column][\/vc_row][vc_row][vc_column][la_divider height=\u00bblg:90px;\u00bb][\/vc_column][\/vc_row]<\/p>\n","protected":false},"excerpt":{"rendered":"<p>[vc_row full_width=\u00bbstretch_row\u00bb css=\u00bb.vc_custom_1572376004984{background-image: url(https:\/\/www.unlz.edu.ar\/wp-content\/uploads\/2019\/09\/NEGROCampusunlz-1.jpg?id=2025) !important;background-position: center !important;background-repeat: no-repeat !important;background-size: cover !important;}\u00bb][vc_column][la_divider height=\u00bbxlg:350px;lg:250px;md:200px;sm:160px;\u00bb][la_heading spacer=\u00bbline\u00bb spacer_position=\u00bbmiddle\u00bb line_height=\u00bb3&#8243; title=\u00bbDiscapacidad\u00bb line_width=\u00bblg:60px;\u00bb line_color=\u00bb#ffffff\u00bb title_fz=\u00bblg:90px;md:60px;sm:40px;xs:36px;\u00bb title_color=\u00bb#ffffff\u00bb subtitle_fz=\u00bblg:15px;md:14px;\u00bb subtitle_color=\u00bb#ffffff\u00bb line_class=\u00bbmargin-top-30 margin-bottom-30&#8243;][\/la_heading][la_divider height=\u00bbxlg:300px;lg:200px;xs:100px;\u00bb][\/vc_column][\/vc_row][vc_row full_width=\u00bbstretch_row\u00bb css=\u00bb.vc_custom_1570739405032{background-color: #ffffff !important;}\u00bb el_class=\u00bbbloque-texto\u00bb][vc_column width=\u00bb1\/6&#8243; css=\u00bb.vc_custom_1569553289765{background-color: #ffffff !important;}\u00bb][\/vc_column][vc_column width=\u00bb2\/3&#8243;][la_divider height=\u00bblg:80px;mb:4px;\u00bb][la_heading title=\u00bbPrograma universitario para la promoci\u00f3n de los derechos de las personas con discapacidad\u00bb title_fz=\u00bblg:40px;mb:20px;\u00bb title_color=\u00bb#000000&#8243; subtitle_fz=\u00bblg:15px;md:14px;\u00bb][\/la_heading][la_divider height=\u00bblg:80px;mb:10px;\u00bb][vc_column_text css_animation=\u00bbfadeIn\u00bb] El programa de asesoramiento para personas&hellip;<\/p>\n","protected":false},"author":1,"featured_media":0,"parent":0,"menu_order":0,"comment_status":"closed","ping_status":"closed","template":"","meta":{"footnotes":""},"class_list":["post-3436","page","type-page","status-publish","hentry"],"yoast_head":"<!-- This site is optimized with the Yoast SEO plugin v26.0 - https:\/\/yoast.com\/wordpress\/plugins\/seo\/ -->\n<title>Discapacidad | UNLZ<\/title>\n<meta name=\"robots\" content=\"index, follow, max-snippet:-1, max-image-preview:large, max-video-preview:-1\" \/>\n<link rel=\"canonical\" href=\"https:\/\/www.unlz.edu.ar\/?page_id=3436\" \/>\n<meta property=\"og:locale\" content=\"es_ES\" \/>\n<meta property=\"og:type\" content=\"article\" \/>\n<meta property=\"og:title\" content=\"Discapacidad | UNLZ\" \/>\n<meta property=\"og:description\" content=\"[vc_row full_width=\u00bbstretch_row\u00bb css=\u00bb.vc_custom_1572376004984{background-image: url(https:\/\/www.unlz.edu.ar\/wp-content\/uploads\/2019\/09\/NEGROCampusunlz-1.jpg?id=2025) !important;background-position: center !important;background-repeat: no-repeat !important;background-size: cover !important;}\u00bb][vc_column][la_divider height=\u00bbxlg:350px;lg:250px;md:200px;sm:160px;\u00bb][la_heading spacer=\u00bbline\u00bb spacer_position=\u00bbmiddle\u00bb line_height=\u00bb3&#8243; title=\u00bbDiscapacidad\u00bb line_width=\u00bblg:60px;\u00bb line_color=\u00bb#ffffff\u00bb title_fz=\u00bblg:90px;md:60px;sm:40px;xs:36px;\u00bb title_color=\u00bb#ffffff\u00bb subtitle_fz=\u00bblg:15px;md:14px;\u00bb subtitle_color=\u00bb#ffffff\u00bb line_class=\u00bbmargin-top-30 margin-bottom-30&#8243;][\/la_heading][la_divider height=\u00bbxlg:300px;lg:200px;xs:100px;\u00bb][\/vc_column][\/vc_row][vc_row full_width=\u00bbstretch_row\u00bb css=\u00bb.vc_custom_1570739405032{background-color: #ffffff !important;}\u00bb el_class=\u00bbbloque-texto\u00bb][vc_column width=\u00bb1\/6&#8243; css=\u00bb.vc_custom_1569553289765{background-color: #ffffff !important;}\u00bb][\/vc_column][vc_column width=\u00bb2\/3&#8243;][la_divider height=\u00bblg:80px;mb:4px;\u00bb][la_heading title=\u00bbPrograma universitario para la promoci\u00f3n de los derechos de las personas con discapacidad\u00bb title_fz=\u00bblg:40px;mb:20px;\u00bb title_color=\u00bb#000000&#8243; subtitle_fz=\u00bblg:15px;md:14px;\u00bb][\/la_heading][la_divider height=\u00bblg:80px;mb:10px;\u00bb][vc_column_text css_animation=\u00bbfadeIn\u00bb] El programa de asesoramiento para personas&hellip;\" \/>\n<meta property=\"og:url\" content=\"https:\/\/www.unlz.edu.ar\/?page_id=3436\" \/>\n<meta property=\"og:site_name\" content=\"UNLZ\" \/>\n<meta property=\"article:publisher\" content=\"https:\/\/www.facebook.com\/UNLZoficial\/\" \/>\n<meta property=\"article:modified_time\" content=\"2025-09-30T13:06:07+00:00\" \/>\n<meta name=\"twitter:card\" content=\"summary_large_image\" \/>\n<meta name=\"twitter:site\" content=\"@UNLZoficial\" \/>\n<meta name=\"twitter:label1\" content=\"Tiempo de lectura\" \/>\n\t<meta name=\"twitter:data1\" content=\"1 minuto\" \/>\n<script type=\"application\/ld+json\" class=\"yoast-schema-graph\">{\"@context\":\"https:\/\/schema.org\",\"@graph\":[{\"@type\":\"WebPage\",\"@id\":\"https:\/\/www.unlz.edu.ar\/?page_id=3436\",\"url\":\"https:\/\/www.unlz.edu.ar\/?page_id=3436\",\"name\":\"Discapacidad | UNLZ\",\"isPartOf\":{\"@id\":\"https:\/\/www.unlz.edu.ar\/#website\"},\"datePublished\":\"2019-10-11T13:40:54+00:00\",\"dateModified\":\"2025-09-30T13:06:07+00:00\",\"breadcrumb\":{\"@id\":\"https:\/\/www.unlz.edu.ar\/?page_id=3436#breadcrumb\"},\"inLanguage\":\"es\",\"potentialAction\":[{\"@type\":\"ReadAction\",\"target\":[\"https:\/\/www.unlz.edu.ar\/?page_id=3436\"]}]},{\"@type\":\"BreadcrumbList\",\"@id\":\"https:\/\/www.unlz.edu.ar\/?page_id=3436#breadcrumb\",\"itemListElement\":[{\"@type\":\"ListItem\",\"position\":1,\"name\":\"Portada\",\"item\":\"https:\/\/www.unlz.edu.ar\/\"},{\"@type\":\"ListItem\",\"position\":2,\"name\":\"Discapacidad\"}]},{\"@type\":\"WebSite\",\"@id\":\"https:\/\/www.unlz.edu.ar\/#website\",\"url\":\"https:\/\/www.unlz.edu.ar\/\",\"name\":\"UNLZ\",\"description\":\"Universidad Nacional de Lomas de Zamora\",\"publisher\":{\"@id\":\"https:\/\/www.unlz.edu.ar\/#organization\"},\"potentialAction\":[{\"@type\":\"SearchAction\",\"target\":{\"@type\":\"EntryPoint\",\"urlTemplate\":\"https:\/\/www.unlz.edu.ar\/?s={search_term_string}\"},\"query-input\":{\"@type\":\"PropertyValueSpecification\",\"valueRequired\":true,\"valueName\":\"search_term_string\"}}],\"inLanguage\":\"es\"},{\"@type\":\"Organization\",\"@id\":\"https:\/\/www.unlz.edu.ar\/#organization\",\"name\":\"Universidad Nacional de Lomas de Zamora\",\"url\":\"https:\/\/www.unlz.edu.ar\/\",\"logo\":{\"@type\":\"ImageObject\",\"inLanguage\":\"es\",\"@id\":\"https:\/\/www.unlz.edu.ar\/#\/schema\/logo\/image\/\",\"url\":\"https:\/\/www.unlz.edu.ar\/wp-content\/uploads\/2023\/12\/unlz-logo-png.png\",\"contentUrl\":\"https:\/\/www.unlz.edu.ar\/wp-content\/uploads\/2023\/12\/unlz-logo-png.png\",\"width\":115,\"height\":119,\"caption\":\"Universidad Nacional de Lomas de Zamora\"},\"image\":{\"@id\":\"https:\/\/www.unlz.edu.ar\/#\/schema\/logo\/image\/\"},\"sameAs\":[\"https:\/\/www.facebook.com\/UNLZoficial\/\",\"https:\/\/x.com\/UNLZoficial\",\"https:\/\/www.instagram.com\/unlzoficial\/\",\"https:\/\/www.youtube.com\/channel\/UChlG2EZhGAYgBiQdI3Zo5fw\",\"https:\/\/www.tiktok.com\/@unlzoficial\"]}]}<\/script>\n<!-- \/ Yoast SEO plugin. -->","yoast_head_json":{"title":"Discapacidad | UNLZ","robots":{"index":"index","follow":"follow","max-snippet":"max-snippet:-1","max-image-preview":"max-image-preview:large","max-video-preview":"max-video-preview:-1"},"canonical":"https:\/\/www.unlz.edu.ar\/?page_id=3436","og_locale":"es_ES","og_type":"article","og_title":"Discapacidad | UNLZ","og_description":"[vc_row full_width=\u00bbstretch_row\u00bb css=\u00bb.vc_custom_1572376004984{background-image: url(https:\/\/www.unlz.edu.ar\/wp-content\/uploads\/2019\/09\/NEGROCampusunlz-1.jpg?id=2025) !important;background-position: center !important;background-repeat: no-repeat !important;background-size: cover !important;}\u00bb][vc_column][la_divider height=\u00bbxlg:350px;lg:250px;md:200px;sm:160px;\u00bb][la_heading spacer=\u00bbline\u00bb spacer_position=\u00bbmiddle\u00bb line_height=\u00bb3&#8243; title=\u00bbDiscapacidad\u00bb line_width=\u00bblg:60px;\u00bb line_color=\u00bb#ffffff\u00bb title_fz=\u00bblg:90px;md:60px;sm:40px;xs:36px;\u00bb title_color=\u00bb#ffffff\u00bb subtitle_fz=\u00bblg:15px;md:14px;\u00bb subtitle_color=\u00bb#ffffff\u00bb line_class=\u00bbmargin-top-30 margin-bottom-30&#8243;][\/la_heading][la_divider height=\u00bbxlg:300px;lg:200px;xs:100px;\u00bb][\/vc_column][\/vc_row][vc_row full_width=\u00bbstretch_row\u00bb css=\u00bb.vc_custom_1570739405032{background-color: #ffffff !important;}\u00bb el_class=\u00bbbloque-texto\u00bb][vc_column width=\u00bb1\/6&#8243; css=\u00bb.vc_custom_1569553289765{background-color: #ffffff !important;}\u00bb][\/vc_column][vc_column width=\u00bb2\/3&#8243;][la_divider height=\u00bblg:80px;mb:4px;\u00bb][la_heading title=\u00bbPrograma universitario para la promoci\u00f3n de los derechos de las personas con discapacidad\u00bb title_fz=\u00bblg:40px;mb:20px;\u00bb title_color=\u00bb#000000&#8243; subtitle_fz=\u00bblg:15px;md:14px;\u00bb][\/la_heading][la_divider height=\u00bblg:80px;mb:10px;\u00bb][vc_column_text css_animation=\u00bbfadeIn\u00bb] El programa de asesoramiento para personas&hellip;","og_url":"https:\/\/www.unlz.edu.ar\/?page_id=3436","og_site_name":"UNLZ","article_publisher":"https:\/\/www.facebook.com\/UNLZoficial\/","article_modified_time":"2025-09-30T13:06:07+00:00","twitter_card":"summary_large_image","twitter_site":"@UNLZoficial","twitter_misc":{"Tiempo de lectura":"1 minuto"},"schema":{"@context":"https:\/\/schema.org","@graph":[{"@type":"WebPage","@id":"https:\/\/www.unlz.edu.ar\/?page_id=3436","url":"https:\/\/www.unlz.edu.ar\/?page_id=3436","name":"Discapacidad | UNLZ","isPartOf":{"@id":"https:\/\/www.unlz.edu.ar\/#website"},"datePublished":"2019-10-11T13:40:54+00:00","dateModified":"2025-09-30T13:06:07+00:00","breadcrumb":{"@id":"https:\/\/www.unlz.edu.ar\/?page_id=3436#breadcrumb"},"inLanguage":"es","potentialAction":[{"@type":"ReadAction","target":["https:\/\/www.unlz.edu.ar\/?page_id=3436"]}]},{"@type":"BreadcrumbList","@id":"https:\/\/www.unlz.edu.ar\/?page_id=3436#breadcrumb","itemListElement":[{"@type":"ListItem","position":1,"name":"Portada","item":"https:\/\/www.unlz.edu.ar\/"},{"@type":"ListItem","position":2,"name":"Discapacidad"}]},{"@type":"WebSite","@id":"https:\/\/www.unlz.edu.ar\/#website","url":"https:\/\/www.unlz.edu.ar\/","name":"UNLZ","description":"Universidad Nacional de Lomas de Zamora","publisher":{"@id":"https:\/\/www.unlz.edu.ar\/#organization"},"potentialAction":[{"@type":"SearchAction","target":{"@type":"EntryPoint","urlTemplate":"https:\/\/www.unlz.edu.ar\/?s={search_term_string}"},"query-input":{"@type":"PropertyValueSpecification","valueRequired":true,"valueName":"search_term_string"}}],"inLanguage":"es"},{"@type":"Organization","@id":"https:\/\/www.unlz.edu.ar\/#organization","name":"Universidad Nacional de Lomas de Zamora","url":"https:\/\/www.unlz.edu.ar\/","logo":{"@type":"ImageObject","inLanguage":"es","@id":"https:\/\/www.unlz.edu.ar\/#\/schema\/logo\/image\/","url":"https:\/\/www.unlz.edu.ar\/wp-content\/uploads\/2023\/12\/unlz-logo-png.png","contentUrl":"https:\/\/www.unlz.edu.ar\/wp-content\/uploads\/2023\/12\/unlz-logo-png.png","width":115,"height":119,"caption":"Universidad Nacional de Lomas de Zamora"},"image":{"@id":"https:\/\/www.unlz.edu.ar\/#\/schema\/logo\/image\/"},"sameAs":["https:\/\/www.facebook.com\/UNLZoficial\/","https:\/\/x.com\/UNLZoficial","https:\/\/www.instagram.com\/unlzoficial\/","https:\/\/www.youtube.com\/channel\/UChlG2EZhGAYgBiQdI3Zo5fw","https:\/\/www.tiktok.com\/@unlzoficial"]}]}},"_links":{"self":[{"href":"https:\/\/www.unlz.edu.ar\/index.php?rest_route=\/wp\/v2\/pages\/3436","targetHints":{"allow":["GET"]}}],"collection":[{"href":"https:\/\/www.unlz.edu.ar\/index.php?rest_route=\/wp\/v2\/pages"}],"about":[{"href":"https:\/\/www.unlz.edu.ar\/index.php?rest_route=\/wp\/v2\/types\/page"}],"author":[{"embeddable":true,"href":"https:\/\/www.unlz.edu.ar\/index.php?rest_route=\/wp\/v2\/users\/1"}],"replies":[{"embeddable":true,"href":"https:\/\/www.unlz.edu.ar\/index.php?rest_route=%2Fwp%2Fv2%2Fcomments&post=3436"}],"version-history":[{"count":5,"href":"https:\/\/www.unlz.edu.ar\/index.php?rest_route=\/wp\/v2\/pages\/3436\/revisions"}],"predecessor-version":[{"id":9990,"href":"https:\/\/www.unlz.edu.ar\/index.php?rest_route=\/wp\/v2\/pages\/3436\/revisions\/9990"}],"wp:attachment":[{"href":"https:\/\/www.unlz.edu.ar\/index.php?rest_route=%2Fwp%2Fv2%2Fmedia&parent=3436"}],"curies":[{"name":"wp","href":"https:\/\/api.w.org\/{rel}","templated":true}]}}