{"id":9254,"date":"2024-06-13T14:11:14","date_gmt":"2024-06-13T17:11:14","guid":{"rendered":"https:\/\/www.unlz.edu.ar\/?page_id=9254"},"modified":"2024-06-13T14:34:32","modified_gmt":"2024-06-13T17:34:32","slug":"transparencia-activa","status":"publish","type":"page","link":"https:\/\/www.unlz.edu.ar\/?page_id=9254","title":{"rendered":"Transparencia Activa"},"content":{"rendered":"<p>[vc_row full_width=\u00bbstretch_row\u00bb content_placement=\u00bbtop\u00bb css=\u00bb.vc_custom_1718298842981{margin-top: 0px !important;margin-right: 0px !important;margin-left: 0px !important;border-top-width: 0px !important;border-right-width: 0px !important;border-left-width: 0px !important;padding-top: 0px !important;padding-right: 0px !important;padding-left: 0px !important;background-image: url(https:\/\/www.unlz.edu.ar\/wp-content\/uploads\/2024\/06\/PORTAL-DE-TRANSPA-ACTIVA_Mesa-de-trabajo-1.png?id=9258) !important;background-position: center !important;background-repeat: no-repeat !important;background-size: cover !important;}\u00bb el_class=\u00bbdisplay-none-mobile\u00bb][vc_column css=\u00bb.vc_custom_1589477898618{margin-top: 0px !important;border-top-width: 0px !important;padding-top: 0px !important;}\u00bb offset=\u00bbvc_hidden-sm vc_hidden-xs\u00bb][la_divider height=\u00bbxlg:300px;lg:180px;md:200px;sm:160px;\u00bb][la_heading title_fz=\u00bblg:80px;md:60px;sm:40px;xs:36px;\u00bb title_color=\u00bb#ffffff\u00bb subtitle_fz=\u00bblg:15px;md:14px;\u00bb subtitle_color=\u00bb#ffffff\u00bb][\/la_heading][la_divider height=\u00bbxlg:100px;lg:35px;md:10px;sm:10px;\u00bb][vc_row_inner css=\u00bb.vc_custom_1589477829358{padding-right: 0px !important;padding-left: 0px !important;}\u00bb el_class=\u00bbdisplay-none-mobile\u00bb][vc_column_inner width=\u00bb1\/3&#8243;][\/vc_column_inner][vc_column_inner width=\u00bb1\/3&#8243;][\/vc_column_inner][vc_column_inner width=\u00bb1\/3&#8243;][\/vc_column_inner][\/vc_row_inner][la_divider height=\u00bbxlg:360px;lg:250px;xs:100px;\u00bb][\/vc_column][\/vc_row][vc_row full_width=\u00bbstretch_row\u00bb css=\u00bb.vc_custom_1718298822482{background: #ffffff url(https:\/\/www.unlz.edu.ar\/wp-content\/uploads\/2024\/06\/PORTAL-DE-TRANSPA-ACTIVA_movile_Mesa-de-trabajo-1.png?id=9256) !important;background-position: center !important;background-repeat: no-repeat !important;background-size: cover !important;}\u00bb el_class=\u00bbdisplay-none-pc\u00bb][vc_column][la_divider height=\u00bbxlg:350px;lg:250px;md:200px;sm:160px;mb:70px;\u00bb][la_heading title_fz=\u00bblg:90px;md:60px;sm:40px;xs:36px;\u00bb title_color=\u00bb#ffffff\u00bb subtitle_fz=\u00bblg:15px;md:14px;\u00bb subtitle_color=\u00bb#ffffff\u00bb][\/la_heading][la_divider height=\u00bblg:35px;md:10px;sm:10px;mb:20px;\u00bb][vc_row_inner css=\u00bb.vc_custom_1589480772678{padding-right: 0px !important;padding-left: 0px !important;}\u00bb el_class=\u00bbdisplay-none-pc\u00bb][vc_column_inner width=\u00bb1\/3&#8243; css=\u00bb.vc_custom_1623935268159{margin-bottom: 10px !important;}\u00bb][\/vc_column_inner][vc_column_inner width=\u00bb1\/3&#8243; css=\u00bb.vc_custom_1570643883707{margin-bottom: 10px !important;}\u00bb][\/vc_column_inner][vc_column_inner width=\u00bb1\/3&#8243; css=\u00bb.vc_custom_1623935261042{margin-bottom: 10px !important;}\u00bb][\/vc_column_inner][\/vc_row_inner][la_divider height=\u00bbxlg:300px;lg:200px;xs:100px;mb:150px;\u00bb][\/vc_column][\/vc_row][vc_row full_width=\u00bbstretch_row\u00bb css=\u00bb.vc_custom_1626359399247{background-color: #f7f7f7 !important;}\u00bb el_class=\u00bbbloque-texto\u00bb el_id=\u00bbRecursos\u00bb][vc_column width=\u00bb1\/6&#8243;][\/vc_column][vc_column width=\u00bb2\/3&#8243;][la_divider height=\u00bblg:20px;\u00bb][vc_column_text]<\/p>\n<h5 style=\"text-align: justify;\"><strong>Seg\u00fan lo indicado por el Art. 7 inciso J de la Ley Nacional N\u00b027.275 de Derecho al Acceso a la Informaci\u00f3n P\u00fablica, la Universidad Nacional de Lomas de Zamora, facilita a trav\u00e9s de la presente secci\u00f3n la b\u00fasqueda y el acceso a la informaci\u00f3n p\u00fablica a trav\u00e9s de su p\u00e1gina oficial de una manera clara, estructurada y entendible para los interesados, procurando remover toda barrera que obstaculice o dificulte su reutilizaci\u00f3n por parte de terceros.<\/strong><\/h5>\n<p>[\/vc_column_text][la_divider height=\u00bblg:25px;\u00bb][\/vc_column][vc_column width=\u00bb1\/6&#8243;][\/vc_column][\/vc_row][vc_row el_id=\u00bbNovedades\u00bb][vc_column][la_divider height=\u00bbxlg:10px;mb:0px;\u00bb][vc_tta_accordion active_section=\u00bb9&#8243; collapsible_all=\u00bbtrue\u00bb][vc_tta_section title=\u00bbOrganigrama\u00bb tab_id=\u00bb1718298971544-cfee32fa-a166&#8243;][\/vc_tta_section][vc_tta_section title=\u00bbEscalas Salariales\u00bb tab_id=\u00bb1718298971562-2f45ed16-b747&#8243;][\/vc_tta_section][vc_tta_section title=\u00bbPresupuestos\u00bb tab_id=\u00bb1718299005068-600dc848-a921&#8243;][\/vc_tta_section][vc_tta_section title=\u00bbCompras y Licitaciones\u00bb tab_id=\u00bb1718299002838-3f457223-d473&#8243;][\/vc_tta_section][vc_tta_section title=\u00bbAuditor\u00edas\u00bb tab_id=\u00bb1718299689127-b4ee5b81-0411&#8243;][\/vc_tta_section][vc_tta_section title=\u00bbServicios Educativos\u00bb tab_id=\u00bb1718299701203-342ed38a-089a\u00bb][\/vc_tta_section][vc_tta_section title=\u00bbEstad\u00edsticas\u00bb tab_id=\u00bb1718299716082-b8a75cd3-b053&#8243;][\/vc_tta_section][\/vc_tta_accordion][\/vc_column][\/vc_row]<\/p>\n","protected":false},"excerpt":{"rendered":"<p>[vc_row full_width=\u00bbstretch_row\u00bb content_placement=\u00bbtop\u00bb css=\u00bb.vc_custom_1718298842981{margin-top: 0px !important;margin-right: 0px !important;margin-left: 0px !important;border-top-width: 0px !important;border-right-width: 0px !important;border-left-width: 0px !important;padding-top: 0px !important;padding-right: 0px !important;padding-left: 0px !important;background-image: url(https:\/\/www.unlz.edu.ar\/wp-content\/uploads\/2024\/06\/PORTAL-DE-TRANSPA-ACTIVA_Mesa-de-trabajo-1.png?id=9258) !important;background-position: center !important;background-repeat: no-repeat !important;background-size: cover !important;}\u00bb el_class=\u00bbdisplay-none-mobile\u00bb][vc_column css=\u00bb.vc_custom_1589477898618{margin-top: 0px !important;border-top-width: 0px !important;padding-top: 0px !important;}\u00bb offset=\u00bbvc_hidden-sm vc_hidden-xs\u00bb][la_divider height=\u00bbxlg:300px;lg:180px;md:200px;sm:160px;\u00bb][la_heading title_fz=\u00bblg:80px;md:60px;sm:40px;xs:36px;\u00bb title_color=\u00bb#ffffff\u00bb subtitle_fz=\u00bblg:15px;md:14px;\u00bb subtitle_color=\u00bb#ffffff\u00bb][\/la_heading][la_divider height=\u00bbxlg:100px;lg:35px;md:10px;sm:10px;\u00bb][vc_row_inner css=\u00bb.vc_custom_1589477829358{padding-right: 0px !important;padding-left: 0px !important;}\u00bb el_class=\u00bbdisplay-none-mobile\u00bb][vc_column_inner width=\u00bb1\/3&#8243;][\/vc_column_inner][vc_column_inner width=\u00bb1\/3&#8243;][\/vc_column_inner][vc_column_inner width=\u00bb1\/3&#8243;][\/vc_column_inner][\/vc_row_inner][la_divider height=\u00bbxlg:360px;lg:250px;xs:100px;\u00bb][\/vc_column][\/vc_row][vc_row full_width=\u00bbstretch_row\u00bb css=\u00bb.vc_custom_1718298822482{background: #ffffff url(https:\/\/www.unlz.edu.ar\/wp-content\/uploads\/2024\/06\/PORTAL-DE-TRANSPA-ACTIVA_movile_Mesa-de-trabajo-1.png?id=9256)&hellip;<\/p>\n","protected":false},"author":1,"featured_media":7147,"parent":0,"menu_order":0,"comment_status":"closed","ping_status":"closed","template":"","meta":{"footnotes":""},"class_list":["post-9254","page","type-page","status-publish","has-post-thumbnail","hentry"],"yoast_head":"<!-- This site is optimized with the Yoast SEO plugin v26.0 - https:\/\/yoast.com\/wordpress\/plugins\/seo\/ -->\n<title>Transparencia Activa | UNLZ<\/title>\n<meta name=\"description\" content=\"Secci\u00f3n del sitio oficial de la Universidad Nacional de Lomas de Zamora para la vinculaci\u00f3n con los medios de comunicaci\u00f3n y prensa.\" \/>\n<meta name=\"robots\" content=\"index, follow, max-snippet:-1, max-image-preview:large, max-video-preview:-1\" \/>\n<link rel=\"canonical\" href=\"https:\/\/www.unlz.edu.ar\/?page_id=9254\" \/>\n<meta property=\"og:locale\" content=\"es_ES\" \/>\n<meta property=\"og:type\" content=\"article\" \/>\n<meta property=\"og:title\" content=\"Transparencia Activa | UNLZ\" \/>\n<meta property=\"og:description\" content=\"Secci\u00f3n del sitio oficial de la Universidad Nacional de Lomas de Zamora para la vinculaci\u00f3n con los medios de comunicaci\u00f3n y prensa.\" \/>\n<meta property=\"og:url\" content=\"https:\/\/www.unlz.edu.ar\/?page_id=9254\" \/>\n<meta property=\"og:site_name\" content=\"UNLZ\" \/>\n<meta property=\"article:publisher\" content=\"https:\/\/www.facebook.com\/UNLZoficial\/\" \/>\n<meta property=\"article:modified_time\" content=\"2024-06-13T17:34:32+00:00\" \/>\n<meta property=\"og:image\" content=\"https:\/\/www.unlz.edu.ar\/wp-content\/uploads\/2021\/06\/sala-de-prensa-banner-03-03.jpg\" \/>\n\t<meta property=\"og:image:width\" content=\"1080\" \/>\n\t<meta property=\"og:image:height\" content=\"1080\" \/>\n\t<meta property=\"og:image:type\" content=\"image\/jpeg\" \/>\n<meta name=\"twitter:card\" content=\"summary_large_image\" \/>\n<meta name=\"twitter:site\" content=\"@UNLZoficial\" \/>\n<meta name=\"twitter:label1\" content=\"Tiempo de lectura\" \/>\n\t<meta name=\"twitter:data1\" content=\"2 minutos\" \/>\n<script type=\"application\/ld+json\" class=\"yoast-schema-graph\">{\"@context\":\"https:\/\/schema.org\",\"@graph\":[{\"@type\":\"WebPage\",\"@id\":\"https:\/\/www.unlz.edu.ar\/?page_id=9254\",\"url\":\"https:\/\/www.unlz.edu.ar\/?page_id=9254\",\"name\":\"Transparencia Activa | UNLZ\",\"isPartOf\":{\"@id\":\"https:\/\/www.unlz.edu.ar\/#website\"},\"primaryImageOfPage\":{\"@id\":\"https:\/\/www.unlz.edu.ar\/?page_id=9254#primaryimage\"},\"image\":{\"@id\":\"https:\/\/www.unlz.edu.ar\/?page_id=9254#primaryimage\"},\"thumbnailUrl\":\"https:\/\/www.unlz.edu.ar\/wp-content\/uploads\/2021\/06\/sala-de-prensa-banner-03-03.jpg\",\"datePublished\":\"2024-06-13T17:11:14+00:00\",\"dateModified\":\"2024-06-13T17:34:32+00:00\",\"description\":\"Secci\u00f3n del sitio oficial de la Universidad Nacional de Lomas de Zamora para la vinculaci\u00f3n con los medios de comunicaci\u00f3n y prensa.\",\"breadcrumb\":{\"@id\":\"https:\/\/www.unlz.edu.ar\/?page_id=9254#breadcrumb\"},\"inLanguage\":\"es\",\"potentialAction\":[{\"@type\":\"ReadAction\",\"target\":[\"https:\/\/www.unlz.edu.ar\/?page_id=9254\"]}]},{\"@type\":\"ImageObject\",\"inLanguage\":\"es\",\"@id\":\"https:\/\/www.unlz.edu.ar\/?page_id=9254#primaryimage\",\"url\":\"https:\/\/www.unlz.edu.ar\/wp-content\/uploads\/2021\/06\/sala-de-prensa-banner-03-03.jpg\",\"contentUrl\":\"https:\/\/www.unlz.edu.ar\/wp-content\/uploads\/2021\/06\/sala-de-prensa-banner-03-03.jpg\",\"width\":1080,\"height\":1080},{\"@type\":\"BreadcrumbList\",\"@id\":\"https:\/\/www.unlz.edu.ar\/?page_id=9254#breadcrumb\",\"itemListElement\":[{\"@type\":\"ListItem\",\"position\":1,\"name\":\"Portada\",\"item\":\"https:\/\/www.unlz.edu.ar\/\"},{\"@type\":\"ListItem\",\"position\":2,\"name\":\"Transparencia Activa\"}]},{\"@type\":\"WebSite\",\"@id\":\"https:\/\/www.unlz.edu.ar\/#website\",\"url\":\"https:\/\/www.unlz.edu.ar\/\",\"name\":\"UNLZ\",\"description\":\"Universidad Nacional de Lomas de Zamora\",\"publisher\":{\"@id\":\"https:\/\/www.unlz.edu.ar\/#organization\"},\"potentialAction\":[{\"@type\":\"SearchAction\",\"target\":{\"@type\":\"EntryPoint\",\"urlTemplate\":\"https:\/\/www.unlz.edu.ar\/?s={search_term_string}\"},\"query-input\":{\"@type\":\"PropertyValueSpecification\",\"valueRequired\":true,\"valueName\":\"search_term_string\"}}],\"inLanguage\":\"es\"},{\"@type\":\"Organization\",\"@id\":\"https:\/\/www.unlz.edu.ar\/#organization\",\"name\":\"Universidad Nacional de Lomas de Zamora\",\"url\":\"https:\/\/www.unlz.edu.ar\/\",\"logo\":{\"@type\":\"ImageObject\",\"inLanguage\":\"es\",\"@id\":\"https:\/\/www.unlz.edu.ar\/#\/schema\/logo\/image\/\",\"url\":\"https:\/\/www.unlz.edu.ar\/wp-content\/uploads\/2023\/12\/unlz-logo-png.png\",\"contentUrl\":\"https:\/\/www.unlz.edu.ar\/wp-content\/uploads\/2023\/12\/unlz-logo-png.png\",\"width\":115,\"height\":119,\"caption\":\"Universidad Nacional de Lomas de Zamora\"},\"image\":{\"@id\":\"https:\/\/www.unlz.edu.ar\/#\/schema\/logo\/image\/\"},\"sameAs\":[\"https:\/\/www.facebook.com\/UNLZoficial\/\",\"https:\/\/x.com\/UNLZoficial\",\"https:\/\/www.instagram.com\/unlzoficial\/\",\"https:\/\/www.youtube.com\/channel\/UChlG2EZhGAYgBiQdI3Zo5fw\",\"https:\/\/www.tiktok.com\/@unlzoficial\"]}]}<\/script>\n<!-- \/ Yoast SEO plugin. -->","yoast_head_json":{"title":"Transparencia Activa | UNLZ","description":"Secci\u00f3n del sitio oficial de la Universidad Nacional de Lomas de Zamora para la vinculaci\u00f3n con los medios de comunicaci\u00f3n y prensa.","robots":{"index":"index","follow":"follow","max-snippet":"max-snippet:-1","max-image-preview":"max-image-preview:large","max-video-preview":"max-video-preview:-1"},"canonical":"https:\/\/www.unlz.edu.ar\/?page_id=9254","og_locale":"es_ES","og_type":"article","og_title":"Transparencia Activa | UNLZ","og_description":"Secci\u00f3n del sitio oficial de la Universidad Nacional de Lomas de Zamora para la vinculaci\u00f3n con los medios de comunicaci\u00f3n y prensa.","og_url":"https:\/\/www.unlz.edu.ar\/?page_id=9254","og_site_name":"UNLZ","article_publisher":"https:\/\/www.facebook.com\/UNLZoficial\/","article_modified_time":"2024-06-13T17:34:32+00:00","og_image":[{"width":1080,"height":1080,"url":"https:\/\/www.unlz.edu.ar\/wp-content\/uploads\/2021\/06\/sala-de-prensa-banner-03-03.jpg","type":"image\/jpeg"}],"twitter_card":"summary_large_image","twitter_site":"@UNLZoficial","twitter_misc":{"Tiempo de lectura":"2 minutos"},"schema":{"@context":"https:\/\/schema.org","@graph":[{"@type":"WebPage","@id":"https:\/\/www.unlz.edu.ar\/?page_id=9254","url":"https:\/\/www.unlz.edu.ar\/?page_id=9254","name":"Transparencia Activa | UNLZ","isPartOf":{"@id":"https:\/\/www.unlz.edu.ar\/#website"},"primaryImageOfPage":{"@id":"https:\/\/www.unlz.edu.ar\/?page_id=9254#primaryimage"},"image":{"@id":"https:\/\/www.unlz.edu.ar\/?page_id=9254#primaryimage"},"thumbnailUrl":"https:\/\/www.unlz.edu.ar\/wp-content\/uploads\/2021\/06\/sala-de-prensa-banner-03-03.jpg","datePublished":"2024-06-13T17:11:14+00:00","dateModified":"2024-06-13T17:34:32+00:00","description":"Secci\u00f3n del sitio oficial de la Universidad Nacional de Lomas de Zamora para la vinculaci\u00f3n con los medios de comunicaci\u00f3n y prensa.","breadcrumb":{"@id":"https:\/\/www.unlz.edu.ar\/?page_id=9254#breadcrumb"},"inLanguage":"es","potentialAction":[{"@type":"ReadAction","target":["https:\/\/www.unlz.edu.ar\/?page_id=9254"]}]},{"@type":"ImageObject","inLanguage":"es","@id":"https:\/\/www.unlz.edu.ar\/?page_id=9254#primaryimage","url":"https:\/\/www.unlz.edu.ar\/wp-content\/uploads\/2021\/06\/sala-de-prensa-banner-03-03.jpg","contentUrl":"https:\/\/www.unlz.edu.ar\/wp-content\/uploads\/2021\/06\/sala-de-prensa-banner-03-03.jpg","width":1080,"height":1080},{"@type":"BreadcrumbList","@id":"https:\/\/www.unlz.edu.ar\/?page_id=9254#breadcrumb","itemListElement":[{"@type":"ListItem","position":1,"name":"Portada","item":"https:\/\/www.unlz.edu.ar\/"},{"@type":"ListItem","position":2,"name":"Transparencia Activa"}]},{"@type":"WebSite","@id":"https:\/\/www.unlz.edu.ar\/#website","url":"https:\/\/www.unlz.edu.ar\/","name":"UNLZ","description":"Universidad Nacional de Lomas de Zamora","publisher":{"@id":"https:\/\/www.unlz.edu.ar\/#organization"},"potentialAction":[{"@type":"SearchAction","target":{"@type":"EntryPoint","urlTemplate":"https:\/\/www.unlz.edu.ar\/?s={search_term_string}"},"query-input":{"@type":"PropertyValueSpecification","valueRequired":true,"valueName":"search_term_string"}}],"inLanguage":"es"},{"@type":"Organization","@id":"https:\/\/www.unlz.edu.ar\/#organization","name":"Universidad Nacional de Lomas de Zamora","url":"https:\/\/www.unlz.edu.ar\/","logo":{"@type":"ImageObject","inLanguage":"es","@id":"https:\/\/www.unlz.edu.ar\/#\/schema\/logo\/image\/","url":"https:\/\/www.unlz.edu.ar\/wp-content\/uploads\/2023\/12\/unlz-logo-png.png","contentUrl":"https:\/\/www.unlz.edu.ar\/wp-content\/uploads\/2023\/12\/unlz-logo-png.png","width":115,"height":119,"caption":"Universidad Nacional de Lomas de Zamora"},"image":{"@id":"https:\/\/www.unlz.edu.ar\/#\/schema\/logo\/image\/"},"sameAs":["https:\/\/www.facebook.com\/UNLZoficial\/","https:\/\/x.com\/UNLZoficial","https:\/\/www.instagram.com\/unlzoficial\/","https:\/\/www.youtube.com\/channel\/UChlG2EZhGAYgBiQdI3Zo5fw","https:\/\/www.tiktok.com\/@unlzoficial"]}]}},"_links":{"self":[{"href":"https:\/\/www.unlz.edu.ar\/index.php?rest_route=\/wp\/v2\/pages\/9254","targetHints":{"allow":["GET"]}}],"collection":[{"href":"https:\/\/www.unlz.edu.ar\/index.php?rest_route=\/wp\/v2\/pages"}],"about":[{"href":"https:\/\/www.unlz.edu.ar\/index.php?rest_route=\/wp\/v2\/types\/page"}],"author":[{"embeddable":true,"href":"https:\/\/www.unlz.edu.ar\/index.php?rest_route=\/wp\/v2\/users\/1"}],"replies":[{"embeddable":true,"href":"https:\/\/www.unlz.edu.ar\/index.php?rest_route=%2Fwp%2Fv2%2Fcomments&post=9254"}],"version-history":[{"count":8,"href":"https:\/\/www.unlz.edu.ar\/index.php?rest_route=\/wp\/v2\/pages\/9254\/revisions"}],"predecessor-version":[{"id":9267,"href":"https:\/\/www.unlz.edu.ar\/index.php?rest_route=\/wp\/v2\/pages\/9254\/revisions\/9267"}],"wp:featuredmedia":[{"embeddable":true,"href":"https:\/\/www.unlz.edu.ar\/index.php?rest_route=\/wp\/v2\/media\/7147"}],"wp:attachment":[{"href":"https:\/\/www.unlz.edu.ar\/index.php?rest_route=%2Fwp%2Fv2%2Fmedia&parent=9254"}],"curies":[{"name":"wp","href":"https:\/\/api.w.org\/{rel}","templated":true}]}}