{"id":9991,"date":"2025-09-30T14:41:24","date_gmt":"2025-09-30T17:41:24","guid":{"rendered":"https:\/\/www.unlz.edu.ar\/?page_id=9991"},"modified":"2025-09-30T15:17:28","modified_gmt":"2025-09-30T18:17:28","slug":"proyectos","status":"publish","type":"page","link":"https:\/\/www.unlz.edu.ar\/?page_id=9991","title":{"rendered":"Proyectos"},"content":{"rendered":"<p>[vc_row full_width=\u00bbstretch_row\u00bb css=\u00bb.vc_custom_1572376004984{background-image: url(https:\/\/www.unlz.edu.ar\/wp-content\/uploads\/2019\/09\/NEGROCampusunlz-1.jpg?id=2025) !important;background-position: center !important;background-repeat: no-repeat !important;background-size: cover !important;}\u00bb][vc_column][la_divider height=\u00bbxlg:350px;lg:250px;md:200px;sm:160px;\u00bb][la_heading spacer=\u00bbline\u00bb spacer_position=\u00bbmiddle\u00bb line_height=\u00bb3&#8243; title=\u00bbProyectos de Extensi\u00f3n\u00bb line_width=\u00bblg:60px;\u00bb line_color=\u00bb#ffffff\u00bb title_fz=\u00bblg:90px;md:60px;sm:40px;xs:36px;\u00bb title_color=\u00bb#ffffff\u00bb subtitle_fz=\u00bblg:15px;md:14px;\u00bb subtitle_color=\u00bb#ffffff\u00bb line_class=\u00bbmargin-top-30 margin-bottom-30&#8243;][\/la_heading][la_divider height=\u00bbxlg:300px;lg:200px;xs:100px;\u00bb][\/vc_column][\/vc_row][vc_row full_width=\u00bbstretch_row_content\u00bb css=\u00bb.vc_custom_1759254186715{background-color: #ffffff !important;}\u00bb el_class=\u00bbbloque-texto\u00bb][vc_column width=\u00bb1\/6&#8243; css=\u00bb.vc_custom_1569553289765{background-color: #ffffff !important;}\u00bb][\/vc_column][vc_column width=\u00bb2\/3&#8243;][la_divider height=\u00bblg:80px;mb:4px;\u00bb][la_heading title=\u00bbLomas XT\u00bb title_fz=\u00bblg:40px;mb:20px;\u00bb title_color=\u00bb#000000&#8243; subtitle_fz=\u00bblg:15px;md:14px;\u00bb][\/la_heading][la_divider height=\u00bblg:80px;mb:10px;\u00bb][vc_column_text css_animation=\u00bbfadeIn\u00bb]<\/p>\n<h3 style=\"text-align: justify;\">Son proyectos de extensi\u00f3n universitaria presentados ante la convocatoria interna de la UNLZ que luego de un proceso de evaluaci\u00f3n a cargo de una comisi\u00f3n integrada por pares evaluadores externos selecciona a aquellos que resultan pertinentes de acuerdo a los lineamientos dispuestos en las bases\u00a0 de la convocatoria. Para su implementaci\u00f3n los proyectos cuentan con financiamiento otorgado por la universidad.<\/h3>\n<p>[\/vc_column_text][vc_images_carousel images=\u00bb9996,9997,9998&#8243; img_size=\u00bbfull\u00bb autoplay=\u00bbyes\u00bb][\/vc_column][vc_column width=\u00bb1\/6&#8243;][\/vc_column][\/vc_row][vc_row][vc_column][la_divider height=\u00bblg:90px;\u00bb][\/vc_column][\/vc_row][vc_row full_width=\u00bbstretch_row_content\u00bb css=\u00bb.vc_custom_1759254186715{background-color: #ffffff !important;}\u00bb el_class=\u00bbbloque-texto\u00bb][vc_column width=\u00bb1\/6&#8243; css=\u00bb.vc_custom_1569553289765{background-color: #ffffff !important;}\u00bb][\/vc_column][vc_column width=\u00bb2\/3&#8243;][la_divider height=\u00bblg:80px;mb:4px;\u00bb][la_heading title=\u00bbLomas PEC\u00bb title_fz=\u00bblg:40px;mb:20px;\u00bb title_color=\u00bb#000000&#8243; subtitle_fz=\u00bblg:15px;md:14px;\u00bb][\/la_heading][la_divider height=\u00bblg:80px;mb:10px;\u00bb][vc_column_text css_animation=\u00bbfadeIn\u00bb]<\/p>\n<h3 style=\"text-align: justify;\">Son proyectos de extensi\u00f3n de c\u00e1tedra presentados ante la convocatoria interna de la UNLZ que luego de un proceso de evaluaci\u00f3n a cargo de una comisi\u00f3n integrada por evaluadores de la Secretar\u00eda Acad\u00e9mica y de Extensi\u00f3n Universitaria selecciona a aquellos que resultan pertinentes de acuerdo a los lineamientos dispuestos en las bases de la convocatoria. Para su implementaci\u00f3n los proyectos cuentan con financiamiento otorgado por la universidad.<\/h3>\n<p>[\/vc_column_text][vc_images_carousel images=\u00bb10000,10001,10002&#8243; img_size=\u00bbfull\u00bb autoplay=\u00bbyes\u00bb][\/vc_column][vc_column width=\u00bb1\/6&#8243;][\/vc_column][\/vc_row]<\/p>\n","protected":false},"excerpt":{"rendered":"<p>[vc_row full_width=\u00bbstretch_row\u00bb css=\u00bb.vc_custom_1572376004984{background-image: url(https:\/\/www.unlz.edu.ar\/wp-content\/uploads\/2019\/09\/NEGROCampusunlz-1.jpg?id=2025) !important;background-position: center !important;background-repeat: no-repeat !important;background-size: cover !important;}\u00bb][vc_column][la_divider height=\u00bbxlg:350px;lg:250px;md:200px;sm:160px;\u00bb][la_heading spacer=\u00bbline\u00bb spacer_position=\u00bbmiddle\u00bb line_height=\u00bb3&#8243; title=\u00bbProyectos de Extensi\u00f3n\u00bb line_width=\u00bblg:60px;\u00bb line_color=\u00bb#ffffff\u00bb title_fz=\u00bblg:90px;md:60px;sm:40px;xs:36px;\u00bb title_color=\u00bb#ffffff\u00bb subtitle_fz=\u00bblg:15px;md:14px;\u00bb subtitle_color=\u00bb#ffffff\u00bb line_class=\u00bbmargin-top-30 margin-bottom-30&#8243;][\/la_heading][la_divider height=\u00bbxlg:300px;lg:200px;xs:100px;\u00bb][\/vc_column][\/vc_row][vc_row full_width=\u00bbstretch_row_content\u00bb css=\u00bb.vc_custom_1759254186715{background-color: #ffffff !important;}\u00bb el_class=\u00bbbloque-texto\u00bb][vc_column width=\u00bb1\/6&#8243; css=\u00bb.vc_custom_1569553289765{background-color: #ffffff !important;}\u00bb][\/vc_column][vc_column width=\u00bb2\/3&#8243;][la_divider height=\u00bblg:80px;mb:4px;\u00bb][la_heading title=\u00bbLomas XT\u00bb title_fz=\u00bblg:40px;mb:20px;\u00bb title_color=\u00bb#000000&#8243; subtitle_fz=\u00bblg:15px;md:14px;\u00bb][\/la_heading][la_divider height=\u00bblg:80px;mb:10px;\u00bb][vc_column_text css_animation=\u00bbfadeIn\u00bb] Son proyectos de extensi\u00f3n universitaria presentados ante la convocatoria interna de la UNLZ que luego&hellip;<\/p>\n","protected":false},"author":1,"featured_media":0,"parent":0,"menu_order":0,"comment_status":"closed","ping_status":"closed","template":"","meta":{"footnotes":""},"class_list":["post-9991","page","type-page","status-publish","hentry"],"yoast_head":"<!-- This site is optimized with the Yoast SEO plugin v26.0 - https:\/\/yoast.com\/wordpress\/plugins\/seo\/ -->\n<title>Proyectos | UNLZ<\/title>\n<meta name=\"description\" content=\"Aqu\u00ed encontrar\u00e1s iniciativas en curso y finalizadas que reflejan el compromiso de la instituci\u00f3n con el entorno. Accede a detalles sobre la metodolog\u00eda, equipos interdisciplinarios y los resultados del trabajo conjunto con la comunidad.\" \/>\n<meta name=\"robots\" content=\"index, follow, max-snippet:-1, max-image-preview:large, max-video-preview:-1\" \/>\n<link rel=\"canonical\" href=\"https:\/\/www.unlz.edu.ar\/?page_id=9991\" \/>\n<meta property=\"og:locale\" content=\"es_ES\" \/>\n<meta property=\"og:type\" content=\"article\" \/>\n<meta property=\"og:title\" content=\"Proyectos | UNLZ\" \/>\n<meta property=\"og:description\" content=\"Aqu\u00ed encontrar\u00e1s iniciativas en curso y finalizadas que reflejan el compromiso de la instituci\u00f3n con el entorno. Accede a detalles sobre la metodolog\u00eda, equipos interdisciplinarios y los resultados del trabajo conjunto con la comunidad.\" \/>\n<meta property=\"og:url\" content=\"https:\/\/www.unlz.edu.ar\/?page_id=9991\" \/>\n<meta property=\"og:site_name\" content=\"UNLZ\" \/>\n<meta property=\"article:publisher\" content=\"https:\/\/www.facebook.com\/UNLZoficial\/\" \/>\n<meta property=\"article:modified_time\" content=\"2025-09-30T18:17:28+00:00\" \/>\n<meta name=\"twitter:card\" content=\"summary_large_image\" \/>\n<meta name=\"twitter:site\" content=\"@UNLZoficial\" \/>\n<meta name=\"twitter:label1\" content=\"Tiempo de lectura\" \/>\n\t<meta name=\"twitter:data1\" content=\"1 minuto\" \/>\n<script type=\"application\/ld+json\" class=\"yoast-schema-graph\">{\"@context\":\"https:\/\/schema.org\",\"@graph\":[{\"@type\":\"WebPage\",\"@id\":\"https:\/\/www.unlz.edu.ar\/?page_id=9991\",\"url\":\"https:\/\/www.unlz.edu.ar\/?page_id=9991\",\"name\":\"Proyectos | UNLZ\",\"isPartOf\":{\"@id\":\"https:\/\/www.unlz.edu.ar\/#website\"},\"datePublished\":\"2025-09-30T17:41:24+00:00\",\"dateModified\":\"2025-09-30T18:17:28+00:00\",\"description\":\"Aqu\u00ed encontrar\u00e1s iniciativas en curso y finalizadas que reflejan el compromiso de la instituci\u00f3n con el entorno. Accede a detalles sobre la metodolog\u00eda, equipos interdisciplinarios y los resultados del trabajo conjunto con la comunidad.\",\"breadcrumb\":{\"@id\":\"https:\/\/www.unlz.edu.ar\/?page_id=9991#breadcrumb\"},\"inLanguage\":\"es\",\"potentialAction\":[{\"@type\":\"ReadAction\",\"target\":[\"https:\/\/www.unlz.edu.ar\/?page_id=9991\"]}]},{\"@type\":\"BreadcrumbList\",\"@id\":\"https:\/\/www.unlz.edu.ar\/?page_id=9991#breadcrumb\",\"itemListElement\":[{\"@type\":\"ListItem\",\"position\":1,\"name\":\"Portada\",\"item\":\"https:\/\/www.unlz.edu.ar\/\"},{\"@type\":\"ListItem\",\"position\":2,\"name\":\"Proyectos\"}]},{\"@type\":\"WebSite\",\"@id\":\"https:\/\/www.unlz.edu.ar\/#website\",\"url\":\"https:\/\/www.unlz.edu.ar\/\",\"name\":\"UNLZ\",\"description\":\"Universidad Nacional de Lomas de Zamora\",\"publisher\":{\"@id\":\"https:\/\/www.unlz.edu.ar\/#organization\"},\"potentialAction\":[{\"@type\":\"SearchAction\",\"target\":{\"@type\":\"EntryPoint\",\"urlTemplate\":\"https:\/\/www.unlz.edu.ar\/?s={search_term_string}\"},\"query-input\":{\"@type\":\"PropertyValueSpecification\",\"valueRequired\":true,\"valueName\":\"search_term_string\"}}],\"inLanguage\":\"es\"},{\"@type\":\"Organization\",\"@id\":\"https:\/\/www.unlz.edu.ar\/#organization\",\"name\":\"Universidad Nacional de Lomas de Zamora\",\"url\":\"https:\/\/www.unlz.edu.ar\/\",\"logo\":{\"@type\":\"ImageObject\",\"inLanguage\":\"es\",\"@id\":\"https:\/\/www.unlz.edu.ar\/#\/schema\/logo\/image\/\",\"url\":\"https:\/\/www.unlz.edu.ar\/wp-content\/uploads\/2023\/12\/unlz-logo-png.png\",\"contentUrl\":\"https:\/\/www.unlz.edu.ar\/wp-content\/uploads\/2023\/12\/unlz-logo-png.png\",\"width\":115,\"height\":119,\"caption\":\"Universidad Nacional de Lomas de Zamora\"},\"image\":{\"@id\":\"https:\/\/www.unlz.edu.ar\/#\/schema\/logo\/image\/\"},\"sameAs\":[\"https:\/\/www.facebook.com\/UNLZoficial\/\",\"https:\/\/x.com\/UNLZoficial\",\"https:\/\/www.instagram.com\/unlzoficial\/\",\"https:\/\/www.youtube.com\/channel\/UChlG2EZhGAYgBiQdI3Zo5fw\",\"https:\/\/www.tiktok.com\/@unlzoficial\"]}]}<\/script>\n<!-- \/ Yoast SEO plugin. -->","yoast_head_json":{"title":"Proyectos | UNLZ","description":"Aqu\u00ed encontrar\u00e1s iniciativas en curso y finalizadas que reflejan el compromiso de la instituci\u00f3n con el entorno. Accede a detalles sobre la metodolog\u00eda, equipos interdisciplinarios y los resultados del trabajo conjunto con la comunidad.","robots":{"index":"index","follow":"follow","max-snippet":"max-snippet:-1","max-image-preview":"max-image-preview:large","max-video-preview":"max-video-preview:-1"},"canonical":"https:\/\/www.unlz.edu.ar\/?page_id=9991","og_locale":"es_ES","og_type":"article","og_title":"Proyectos | UNLZ","og_description":"Aqu\u00ed encontrar\u00e1s iniciativas en curso y finalizadas que reflejan el compromiso de la instituci\u00f3n con el entorno. Accede a detalles sobre la metodolog\u00eda, equipos interdisciplinarios y los resultados del trabajo conjunto con la comunidad.","og_url":"https:\/\/www.unlz.edu.ar\/?page_id=9991","og_site_name":"UNLZ","article_publisher":"https:\/\/www.facebook.com\/UNLZoficial\/","article_modified_time":"2025-09-30T18:17:28+00:00","twitter_card":"summary_large_image","twitter_site":"@UNLZoficial","twitter_misc":{"Tiempo de lectura":"1 minuto"},"schema":{"@context":"https:\/\/schema.org","@graph":[{"@type":"WebPage","@id":"https:\/\/www.unlz.edu.ar\/?page_id=9991","url":"https:\/\/www.unlz.edu.ar\/?page_id=9991","name":"Proyectos | UNLZ","isPartOf":{"@id":"https:\/\/www.unlz.edu.ar\/#website"},"datePublished":"2025-09-30T17:41:24+00:00","dateModified":"2025-09-30T18:17:28+00:00","description":"Aqu\u00ed encontrar\u00e1s iniciativas en curso y finalizadas que reflejan el compromiso de la instituci\u00f3n con el entorno. Accede a detalles sobre la metodolog\u00eda, equipos interdisciplinarios y los resultados del trabajo conjunto con la comunidad.","breadcrumb":{"@id":"https:\/\/www.unlz.edu.ar\/?page_id=9991#breadcrumb"},"inLanguage":"es","potentialAction":[{"@type":"ReadAction","target":["https:\/\/www.unlz.edu.ar\/?page_id=9991"]}]},{"@type":"BreadcrumbList","@id":"https:\/\/www.unlz.edu.ar\/?page_id=9991#breadcrumb","itemListElement":[{"@type":"ListItem","position":1,"name":"Portada","item":"https:\/\/www.unlz.edu.ar\/"},{"@type":"ListItem","position":2,"name":"Proyectos"}]},{"@type":"WebSite","@id":"https:\/\/www.unlz.edu.ar\/#website","url":"https:\/\/www.unlz.edu.ar\/","name":"UNLZ","description":"Universidad Nacional de Lomas de Zamora","publisher":{"@id":"https:\/\/www.unlz.edu.ar\/#organization"},"potentialAction":[{"@type":"SearchAction","target":{"@type":"EntryPoint","urlTemplate":"https:\/\/www.unlz.edu.ar\/?s={search_term_string}"},"query-input":{"@type":"PropertyValueSpecification","valueRequired":true,"valueName":"search_term_string"}}],"inLanguage":"es"},{"@type":"Organization","@id":"https:\/\/www.unlz.edu.ar\/#organization","name":"Universidad Nacional de Lomas de Zamora","url":"https:\/\/www.unlz.edu.ar\/","logo":{"@type":"ImageObject","inLanguage":"es","@id":"https:\/\/www.unlz.edu.ar\/#\/schema\/logo\/image\/","url":"https:\/\/www.unlz.edu.ar\/wp-content\/uploads\/2023\/12\/unlz-logo-png.png","contentUrl":"https:\/\/www.unlz.edu.ar\/wp-content\/uploads\/2023\/12\/unlz-logo-png.png","width":115,"height":119,"caption":"Universidad Nacional de Lomas de Zamora"},"image":{"@id":"https:\/\/www.unlz.edu.ar\/#\/schema\/logo\/image\/"},"sameAs":["https:\/\/www.facebook.com\/UNLZoficial\/","https:\/\/x.com\/UNLZoficial","https:\/\/www.instagram.com\/unlzoficial\/","https:\/\/www.youtube.com\/channel\/UChlG2EZhGAYgBiQdI3Zo5fw","https:\/\/www.tiktok.com\/@unlzoficial"]}]}},"_links":{"self":[{"href":"https:\/\/www.unlz.edu.ar\/index.php?rest_route=\/wp\/v2\/pages\/9991","targetHints":{"allow":["GET"]}}],"collection":[{"href":"https:\/\/www.unlz.edu.ar\/index.php?rest_route=\/wp\/v2\/pages"}],"about":[{"href":"https:\/\/www.unlz.edu.ar\/index.php?rest_route=\/wp\/v2\/types\/page"}],"author":[{"embeddable":true,"href":"https:\/\/www.unlz.edu.ar\/index.php?rest_route=\/wp\/v2\/users\/1"}],"replies":[{"embeddable":true,"href":"https:\/\/www.unlz.edu.ar\/index.php?rest_route=%2Fwp%2Fv2%2Fcomments&post=9991"}],"version-history":[{"count":6,"href":"https:\/\/www.unlz.edu.ar\/index.php?rest_route=\/wp\/v2\/pages\/9991\/revisions"}],"predecessor-version":[{"id":10003,"href":"https:\/\/www.unlz.edu.ar\/index.php?rest_route=\/wp\/v2\/pages\/9991\/revisions\/10003"}],"wp:attachment":[{"href":"https:\/\/www.unlz.edu.ar\/index.php?rest_route=%2Fwp%2Fv2%2Fmedia&parent=9991"}],"curies":[{"name":"wp","href":"https:\/\/api.w.org\/{rel}","templated":true}]}}